CRAN Package Check Results for Package PSIndependenceTest

Last updated on 2025-11-04 05:51:21 CET.

Flavor Version Tinstall Tcheck Ttotal Status Flags
r-devel-linux-x86_64-debian-clang 0.0.1 2.65 340.05 342.70 NOTE
r-devel-linux-x86_64-debian-gcc 0.0.1 1.82 172.12 173.94 NOTE
r-devel-linux-x86_64-fedora-clang 0.0.1 539.55 NOTE
r-devel-linux-x86_64-fedora-gcc 0.0.1 537.79 NOTE
r-devel-windows-x86_64 0.0.1 5.00 254.00 259.00 NOTE
r-patched-linux-x86_64 0.0.1 3.05 303.30 306.35 NOTE
r-release-linux-x86_64 0.0.1 2.41 300.26 302.67 NOTE
r-release-macos-arm64 0.0.1 1.00 136.00 137.00 NOTE
r-release-macos-x86_64 0.0.1 2.00 338.00 340.00 NOTE
r-release-windows-x86_64 0.0.1 4.00 244.00 248.00 NOTE
r-oldrel-macos-arm64 0.0.1 2.00 129.00 131.00 NOTE
r-oldrel-macos-x86_64 0.0.1 3.00 269.00 272.00 NOTE
r-oldrel-windows-x86_64 0.0.1 4.00 346.00 350.00 NOTE

Check Details

Version: 0.0.1
Check: Rd files
Result: NOTE checkRd: (-1) table1.Rd:14: Lost braces 14 | The first data set from {Sulewski, P. (2017) \emph{A new test for independence in 2x2 contingency tables,} Acta Universitatis Lodziensis. Folia Oeconomica, 4(330), 55–75} | ^ checkRd: (-1) table3.Rd:14: Lost braces 14 | The third data set from {Sulewski, P. (2021). \emph{Logarithmic Minimum Test for Independence in Three Way Con-tingency Table of Small Sizes.} Journal of Statistical Computation and Simulation 91(13), 2780-2799} | ^ Flavors: r-devel-linux-x86_64-debian-clang, r-devel-linux-x86_64-debian-gcc, r-devel-linux-x86_64-fedora-clang, r-devel-linux-x86_64-fedora-gcc, r-devel-windows-x86_64, r-patched-linux-x86_64, r-release-linux-x86_64, r-release-macos-arm64, r-release-macos-x86_64, r-release-windows-x86_64, r-oldrel-macos-arm64, r-oldrel-macos-x86_64, r-oldrel-windows-x86_64

mirror server hosted at Truenetwork, Russian Federation.