Last updated on 2025-11-04 11:52:39 CET.
| Flavor | Version | Tinstall | Tcheck | Ttotal | Status | Flags | 
|---|---|---|---|---|---|---|
| r-devel-linux-x86_64-debian-clang | 1.0.6 | 78.53 | 31.36 | 109.89 | OK | |
| r-devel-linux-x86_64-debian-gcc | 1.0.6 | 51.28 | 25.33 | 76.61 | OK | |
| r-devel-linux-x86_64-fedora-clang | 1.0.6 | 118.00 | 86.80 | 204.80 | OK | |
| r-devel-linux-x86_64-fedora-gcc | 1.0.6 | 98.00 | 90.47 | 188.47 | OK | |
| r-devel-windows-x86_64 | 1.0.6 | 97.00 | 64.00 | 161.00 | OK | |
| r-patched-linux-x86_64 | 1.0.6 | 76.77 | 29.12 | 105.89 | OK | |
| r-release-linux-x86_64 | 1.0.6 | 76.43 | 28.76 | 105.19 | OK | |
| r-release-macos-arm64 | 1.0.6 | 35.00 | 20.00 | 55.00 | OK | |
| r-release-macos-x86_64 | 1.0.6 | 43.00 | 28.00 | 71.00 | OK | |
| r-release-windows-x86_64 | 1.0.6 | 88.00 | 62.00 | 150.00 | OK | |
| r-oldrel-macos-arm64 | 1.0.6 | 33.00 | 24.00 | 57.00 | NOTE | |
| r-oldrel-macos-x86_64 | 1.0.6 | 48.00 | 33.00 | 81.00 | NOTE | |
| r-oldrel-windows-x86_64 | 1.0.6 | 111.00 | 80.00 | 191.00 | OK | 
Version: 1.0.6
Check: installed package size
Result: NOTE
    installed size is  5.3Mb
    sub-directories of 1Mb or more:
      libs   5.2Mb
Flavors: r-oldrel-macos-arm64, r-oldrel-macos-x86_64