Last updated on 2025-11-04 11:52:39 CET.
| Flavor | Version | Tinstall | Tcheck | Ttotal | Status | Flags | 
|---|---|---|---|---|---|---|
| r-devel-linux-x86_64-debian-clang | 1.0.0 | 22.80 | 174.91 | 197.71 | WARN | |
| r-devel-linux-x86_64-debian-gcc | 1.0.0 | 14.68 | 127.44 | 142.12 | WARN | |
| r-devel-linux-x86_64-fedora-clang | 1.0.2 | 94.00 | 272.85 | 366.85 | OK | |
| r-devel-linux-x86_64-fedora-gcc | 1.0.2 | 21.00 | 332.45 | 353.45 | OK | |
| r-devel-windows-x86_64 | 1.0.2 | 34.00 | 238.00 | 272.00 | OK | |
| r-patched-linux-x86_64 | 1.0.0 | 24.05 | 173.95 | 198.00 | NOTE | |
| r-release-linux-x86_64 | 1.0.0 | 22.35 | 162.79 | 185.14 | NOTE | |
| r-release-macos-arm64 | 1.0.2 | 11.00 | 150.00 | 161.00 | OK | |
| r-release-macos-x86_64 | 1.0.2 | 19.00 | 287.00 | 306.00 | OK | |
| r-release-windows-x86_64 | 1.0.0 | 27.00 | 225.00 | 252.00 | NOTE | |
| r-oldrel-macos-arm64 | 1.0.2 | 11.00 | 116.00 | 127.00 | OK | |
| r-oldrel-macos-x86_64 | 1.0.2 | 17.00 | 277.00 | 294.00 | OK | |
| r-oldrel-windows-x86_64 | 1.0.0 | 35.00 | 286.00 | 321.00 | NOTE | 
Version: 1.0.0
Check: CRAN incoming feasibility
Result: NOTE
  Maintainer: ‘Claudio Zandonella Callegher <claudiozandonella@gmail.com>’
  
  Package CITATION file contains call(s) to old-style personList() or
  as.personList().  Please use c() on person objects instead.
  
  Found the following URLs which should use \doi (with the DOI name only):
    File ‘PRDA.Rd’:
      https://doi.org/10.3389/fpsyg.2019.02893
      https://doi.org/10.1177/1745691614551642
    File ‘prospective.Rd’:
      https://doi.org/10.3389/fpsyg.2019.02893
      https://doi.org/10.1177/1745691614551642
    File ‘retrospective.Rd’:
      https://doi.org/10.3389/fpsyg.2019.02893
      https://doi.org/10.1177/1745691614551642
Flavors: r-devel-linux-x86_64-debian-clang, r-devel-linux-x86_64-debian-gcc
Version: 1.0.0
Check: whether package can be installed
Result: WARN
  Found the following significant warnings:
    /home/hornik/tmp/R.check/r-devel-clang/Work/build/Packages/RcppArmadillo/include/RcppArmadillo/version/arma.h:66:17: warning: Using fallback compilation with Armadillo 14.6.3. Please consider defining -DARMA_USE_CURRENT and also removing C++11 compilation directive. See GitHub issue #475 for more. [-W#pragma-messages]
  See ‘/home/hornik/tmp/R.check/r-devel-clang/Work/PKGS/PRDA.Rcheck/00install.out’ for details.
  * used C++ compiler: ‘Debian clang version 19.1.7 (7)’
Flavor: r-devel-linux-x86_64-debian-clang
Version: 1.0.0
Check: C++ specification
Result: NOTE
    Specified C++11: please drop specification unless essential
Flavors: r-devel-linux-x86_64-debian-clang, r-devel-linux-x86_64-debian-gcc, r-patched-linux-x86_64, r-release-linux-x86_64, r-release-windows-x86_64, r-oldrel-windows-x86_64
Version: 1.0.0
Check: Rd files
Result: NOTE
  checkRd: (-1) PRDA.Rd:8: Lost braces; missing escapes or markup?
       8 | Given an hypothetical value of effect size, {PRDA} performs a prospective
         |                                             ^
  checkRd: (-1) PRDA.Rd:22: Lost braces; missing escapes or markup?
      22 | In {PRDA} there are two main functions:
         |    ^
  checkRd: (-1) PRDA.Rd:51: Lost braces; missing escapes or markup?
      51 | Alternatively, {PRDA} allows users to specify a distribution of plausible
         |                ^
Flavors: r-devel-linux-x86_64-debian-clang, r-devel-linux-x86_64-debian-gcc, r-patched-linux-x86_64, r-release-linux-x86_64, r-release-windows-x86_64, r-oldrel-windows-x86_64
Version: 1.0.0
Check: whether package can be installed
Result: WARN
  Found the following significant warnings:
    /home/hornik/tmp/R.check/r-devel-gcc/Work/build/Packages/RcppArmadillo/include/RcppArmadillo/version/arma.h:66:199: note: ‘#pragma message: Using fallback compilation with Armadillo 14.6.3. Please consider defining -DARMA_USE_CURRENT and also removing C++11 compilation directive. See GitHub issue #475 for more.’
  See ‘/home/hornik/tmp/R.check/r-devel-gcc/Work/PKGS/PRDA.Rcheck/00install.out’ for details.
  * used C++ compiler: ‘g++-15 (Debian 15.2.0-7) 15.2.0’
Flavor: r-devel-linux-x86_64-debian-gcc
Version: 1.0.0
Check: LazyData
Result: NOTE
    'LazyData' is specified without a 'data' directory
Flavor: r-oldrel-windows-x86_64