CRAN Package Check Results for Package PPRL

Last updated on 2025-07-13 18:52:51 CEST.

Flavor Version Tinstall Tcheck Ttotal Status Flags
r-devel-linux-x86_64-debian-clang 0.3.8 132.33 26.75 159.08 NOTE
r-devel-linux-x86_64-debian-gcc 0.3.8 93.06 22.32 115.38 NOTE
r-devel-linux-x86_64-fedora-clang 0.3.8 363.05 NOTE
r-devel-linux-x86_64-fedora-gcc 0.3.8 291.24 NOTE
r-devel-windows-x86_64 0.3.8 139.00 78.00 217.00 NOTE
r-patched-linux-x86_64 0.3.8 137.81 25.64 163.45 NOTE
r-release-linux-x86_64 0.3.8 134.41 25.80 160.21 NOTE
r-release-macos-arm64 0.3.8 62.00 NOTE
r-release-macos-x86_64 0.3.8 76.00 NOTE
r-release-windows-x86_64 0.3.8 141.00 78.00 219.00 NOTE
r-oldrel-macos-arm64 0.3.8 75.00 NOTE
r-oldrel-macos-x86_64 0.3.8 79.00 NOTE
r-oldrel-windows-x86_64 0.3.8 126.00 83.00 209.00 NOTE

Check Details

Version: 0.3.8
Check: C++ specification
Result: NOTE Specified C++11: please drop specification unless essential Flavors: r-devel-linux-x86_64-debian-clang, r-devel-linux-x86_64-debian-gcc, r-devel-linux-x86_64-fedora-clang, r-devel-linux-x86_64-fedora-gcc, r-devel-windows-x86_64, r-patched-linux-x86_64, r-release-linux-x86_64, r-release-macos-arm64, r-release-macos-x86_64, r-release-windows-x86_64, r-oldrel-macos-arm64, r-oldrel-macos-x86_64, r-oldrel-windows-x86_64

Version: 0.3.8
Check: installed package size
Result: NOTE installed size is 8.9Mb sub-directories of 1Mb or more: libs 8.0Mb Flavors: r-oldrel-macos-arm64, r-oldrel-macos-x86_64

mirror server hosted at Truenetwork, Russian Federation.