Last updated on 2025-02-22 11:51:38 CET.
Flavor | Version | Tinstall | Tcheck | Ttotal | Status | Flags |
---|---|---|---|---|---|---|
r-devel-linux-x86_64-debian-clang | 1.1.0 | 7.52 | 122.70 | 130.22 | OK | |
r-devel-linux-x86_64-debian-gcc | 1.1.0 | 4.88 | 88.09 | 92.97 | OK | |
r-devel-linux-x86_64-fedora-clang | 1.1.0 | 212.00 | OK | |||
r-devel-linux-x86_64-fedora-gcc | 1.1.0 | 218.39 | OK | |||
r-devel-macos-arm64 | 1.1.0 | 68.00 | OK | |||
r-devel-macos-x86_64 | 1.1.0 | 116.00 | OK | |||
r-devel-windows-x86_64 | 1.1.0 | 9.00 | 123.00 | 132.00 | OK | |
r-patched-linux-x86_64 | 1.1.0 | 7.96 | 117.92 | 125.88 | NOTE | |
r-release-linux-x86_64 | 1.1.0 | 7.15 | 118.68 | 125.83 | NOTE | |
r-release-macos-arm64 | 1.1.0 | 66.00 | NOTE | |||
r-release-macos-x86_64 | 1.1.0 | 93.00 | NOTE | |||
r-release-windows-x86_64 | 1.1.0 | 10.00 | 124.00 | 134.00 | NOTE | |
r-oldrel-macos-arm64 | 1.1.0 | 68.00 | NOTE | |||
r-oldrel-macos-x86_64 | 1.1.0 | 87.00 | NOTE | |||
r-oldrel-windows-x86_64 | 1.1.0 | 12.00 | 151.00 | 163.00 | NOTE |
Version: 1.1.0
Check: LazyData
Result: NOTE
'LazyData' is specified without a 'data' directory
Flavors: r-patched-linux-x86_64, r-release-linux-x86_64, r-release-macos-arm64, r-release-macos-x86_64, r-release-windows-x86_64, r-oldrel-macos-arm64, r-oldrel-macos-x86_64, r-oldrel-windows-x86_64
Version: 1.1.0
Check: installed package size
Result: NOTE
installed size is 12.1Mb
sub-directories of 1Mb or more:
doc 12.0Mb
Flavors: r-release-macos-arm64, r-release-macos-x86_64, r-release-windows-x86_64, r-oldrel-macos-arm64, r-oldrel-macos-x86_64, r-oldrel-windows-x86_64