Last updated on 2025-11-04 11:52:39 CET.
| Flavor | Version | Tinstall | Tcheck | Ttotal | Status | Flags | 
|---|---|---|---|---|---|---|
| r-devel-linux-x86_64-debian-clang | 0.1.5 | 10.03 | 85.15 | 95.18 | NOTE | |
| r-devel-linux-x86_64-debian-gcc | 0.1.5 | 7.59 | 62.73 | 70.32 | NOTE | |
| r-devel-linux-x86_64-fedora-clang | 0.1.5 | 25.00 | 130.62 | 155.62 | OK | |
| r-devel-linux-x86_64-fedora-gcc | 0.1.5 | 31.00 | 117.55 | 148.55 | OK | |
| r-devel-windows-x86_64 | 0.1.5 | 13.00 | 101.00 | 114.00 | OK | |
| r-patched-linux-x86_64 | 0.1.5 | 10.28 | 80.36 | 90.64 | OK | |
| r-release-linux-x86_64 | 0.1.5 | 11.22 | 81.39 | 92.61 | OK | |
| r-release-macos-arm64 | 0.1.5 | 5.00 | 43.00 | 48.00 | OK | |
| r-release-macos-x86_64 | 0.1.5 | 10.00 | 78.00 | 88.00 | OK | |
| r-release-windows-x86_64 | 0.1.5 | 12.00 | 95.00 | 107.00 | OK | |
| r-oldrel-macos-arm64 | 0.1.5 | 5.00 | 36.00 | 41.00 | OK | |
| r-oldrel-macos-x86_64 | 0.1.5 | 9.00 | 64.00 | 73.00 | OK | |
| r-oldrel-windows-x86_64 | 0.1.5 | 15.00 | 120.00 | 135.00 | OK | 
Version: 0.1.5
Check: CRAN incoming feasibility
Result: NOTE
  Maintainer: ‘David Hofmeyr <dhofmeyr@sun.ac.za>’
  
  No Authors@R field in DESCRIPTION.
  Please add one, modifying
    Authors@R: person(given = "David",
                      family = "Hofmeyr",
                      role = c("aut", "cre"),
                      email = "n.pavlidis@lancaster.ac.uk")
  as necessary.
Flavors: r-devel-linux-x86_64-debian-clang, r-devel-linux-x86_64-debian-gcc