CRAN Package Check Results for Package PNWColors

Last updated on 2025-05-23 12:49:35 CEST.

Flavor Version Tinstall Tcheck Ttotal Status Flags
r-devel-linux-x86_64-debian-clang 0.1.0 1.48 17.71 19.19 NOTE
r-devel-linux-x86_64-debian-gcc 0.1.0 1.21 15.06 16.27 NOTE
r-devel-linux-x86_64-fedora-clang 0.1.0 28.08 OK
r-devel-linux-x86_64-fedora-gcc 0.1.0 26.73 OK
r-devel-windows-x86_64 0.1.0 3.00 39.00 42.00 OK
r-patched-linux-x86_64 0.1.0 1.47 15.84 17.31 OK
r-release-linux-x86_64 0.1.0 1.50 16.19 17.69 OK
r-release-macos-arm64 0.1.0 14.00 OK
r-release-macos-x86_64 0.1.0 21.00 OK
r-release-windows-x86_64 0.1.0 3.00 38.00 41.00 OK
r-oldrel-macos-arm64 0.1.0 14.00 NOTE
r-oldrel-macos-x86_64 0.1.0 19.00 NOTE
r-oldrel-windows-x86_64 0.1.0 3.00 41.00 44.00 NOTE

Check Details

Version: 0.1.0
Check: CRAN incoming feasibility
Result: NOTE Maintainer: ‘Jake Lawlor <jakealawlor@gmail.com>’ No Authors@R field in DESCRIPTION. Please add one, modifying Authors@R: person(given = "Jake", family = "Lawlor", role = c("aut", "cre"), email = "jakealawlor@gmail.com") as necessary. Flavors: r-devel-linux-x86_64-debian-clang, r-devel-linux-x86_64-debian-gcc

Version: 0.1.0
Check: LazyData
Result: NOTE 'LazyData' is specified without a 'data' directory Flavors: r-oldrel-macos-arm64, r-oldrel-macos-x86_64, r-oldrel-windows-x86_64

mirror server hosted at Truenetwork, Russian Federation.