CRAN Package Check Results for Package PKI

Last updated on 2025-11-28 17:48:48 CET.

Flavor Version Tinstall Tcheck Ttotal Status Flags
r-devel-linux-x86_64-debian-clang 0.1-15 7.29 26.54 33.83 OK
r-devel-linux-x86_64-debian-gcc 0.1-15 6.08 21.36 27.44 OK
r-devel-linux-x86_64-fedora-clang 0.1-15 18.00 33.17 51.17 OK
r-devel-linux-x86_64-fedora-gcc 0.1-15 20.00 29.61 49.61 OK
r-devel-windows-x86_64 0.1-15 17.00 111.00 128.00 OK
r-patched-linux-x86_64 0.1-15 6.90 24.85 31.75 OK
r-release-linux-x86_64 0.1-15 6.28 24.66 30.94 OK
r-release-macos-arm64 0.1-15 OK
r-release-macos-x86_64 0.1-15 20.00 26.00 46.00 OK
r-release-windows-x86_64 0.1-15 15.00 108.00 123.00 OK
r-oldrel-macos-arm64 0.1-15 NOTE
r-oldrel-macos-x86_64 0.1-15 21.00 35.00 56.00 NOTE
r-oldrel-windows-x86_64 0.1-15 25.00 119.00 144.00 NOTE

Check Details

Version: 0.1-15
Check: installed package size
Result: NOTE installed size is 5.5Mb sub-directories of 1Mb or more: libs 5.3Mb Flavors: r-oldrel-macos-arm64, r-oldrel-macos-x86_64, r-oldrel-windows-x86_64

mirror server hosted at Truenetwork, Russian Federation.