Last updated on 2025-11-04 05:51:20 CET.
| Flavor | Version | Tinstall | Tcheck | Ttotal | Status | Flags | 
|---|---|---|---|---|---|---|
| r-devel-linux-x86_64-debian-clang | 1.0 | 19.34 | 28.29 | 47.63 | NOTE | |
| r-devel-linux-x86_64-debian-gcc | 1.0 | 11.82 | 22.15 | 33.97 | NOTE | |
| r-devel-linux-x86_64-fedora-clang | 1.0 | 44.00 | 43.31 | 87.31 | OK | |
| r-devel-linux-x86_64-fedora-gcc | 1.0 | 45.00 | 27.97 | 72.97 | OK | |
| r-devel-windows-x86_64 | 1.0 | 26.00 | 70.00 | 96.00 | OK | |
| r-patched-linux-x86_64 | 1.0 | 19.82 | 26.81 | 46.63 | OK | |
| r-release-linux-x86_64 | 1.0 | 20.13 | 27.16 | 47.29 | OK | |
| r-release-macos-arm64 | 1.0 | 9.00 | 19.00 | 28.00 | OK | |
| r-release-macos-x86_64 | 1.0 | 13.00 | 29.00 | 42.00 | OK | |
| r-release-windows-x86_64 | 1.0 | 23.00 | 68.00 | 91.00 | OK | |
| r-oldrel-macos-arm64 | 1.0 | 8.00 | 18.00 | 26.00 | OK | |
| r-oldrel-macos-x86_64 | 1.0 | 18.00 | 38.00 | 56.00 | OK | |
| r-oldrel-windows-x86_64 | 1.0 | 29.00 | 82.00 | 111.00 | OK | 
Version: 1.0
Check: CRAN incoming feasibility
Result: NOTE
  Maintainer: ‘Jennifer Pohle <jennifer.pohle@uni-bielefeld.de>’
  
  No Authors@R field in DESCRIPTION.
  Please add one, modifying
    Authors@R: person(given = "Jennifer",
                      family = "Pohle",
                      role = c("aut", "cre"),
                      email = "jennifer.pohle@uni-bielefeld.de")
  as necessary.
  
  The Description field contains
    hidden semi-Markov models. <arXiv:2101.09197>.
  Please refer to arXiv e-prints via their arXiv DOI <doi:10.48550/arXiv.YYMM.NNNNN>.
Flavors: r-devel-linux-x86_64-debian-clang, r-devel-linux-x86_64-debian-gcc