Last updated on 2025-02-21 17:50:50 CET.
Flavor | Version | Tinstall | Tcheck | Ttotal | Status | Flags |
---|---|---|---|---|---|---|
r-devel-linux-x86_64-debian-clang | 1.0.7 | 14.52 | 99.47 | 113.99 | NOTE | |
r-devel-linux-x86_64-debian-gcc | 1.0.7 | 9.38 | 68.49 | 77.87 | NOTE | |
r-devel-linux-x86_64-fedora-clang | 1.0.7 | 177.72 | OK | |||
r-devel-linux-x86_64-fedora-gcc | 1.0.7 | 168.83 | OK | |||
r-devel-macos-arm64 | 1.0.7 | 50.00 | OK | |||
r-devel-macos-x86_64 | 1.0.7 | 143.00 | OK | |||
r-devel-windows-x86_64 | 1.0.7 | 14.00 | 97.00 | 111.00 | NOTE | |
r-patched-linux-x86_64 | 1.0.7 | 20.02 | 90.10 | 110.12 | OK | |
r-release-linux-x86_64 | 1.0.7 | 12.72 | 89.56 | 102.28 | OK | |
r-release-macos-arm64 | 1.0.7 | 47.00 | OK | |||
r-release-macos-x86_64 | 1.0.7 | 68.00 | OK | |||
r-release-windows-x86_64 | 1.0.7 | 14.00 | 101.00 | 115.00 | OK | |
r-oldrel-macos-arm64 | 1.0.7 | 54.00 | OK | |||
r-oldrel-macos-x86_64 | 1.0.7 | 85.00 | OK | |||
r-oldrel-windows-x86_64 | 1.0.7 | 18.00 | 123.00 | 141.00 | OK |
Version: 1.0.7
Check: Rd cross-references
Result: NOTE
Found the following Rd file(s) with Rd \link{} targets missing package
anchors:
define.clade.Rd: makeNodeLabel
matrix.p.null.Rd: vegdist, matrix.p
organize.pcps.Rd: organize.syncsa
pcoa.sig.Rd: vegdist, pcoa, procrustes
pcps.Rd: vegdist, matrix.p, ordispider, wcmdscale, ordilabel
pcps.curve.Rd: vegdist, matrix.p
pcps.sig.Rd: vegdist, matrix.p, mantel, adonis, adonis2, gls, lme,
rda, procrustes, anova.gls, anova.lme
self.belonging.Rd: belonging
wcmdscale.org.Rd: wcmdscale, vegdist
Please provide package anchors for all Rd \link{} targets not in the
package itself and the base packages.
Flavors: r-devel-linux-x86_64-debian-clang, r-devel-linux-x86_64-debian-gcc, r-devel-windows-x86_64