Last updated on 2025-11-04 05:51:19 CET.
| Flavor | Version | Tinstall | Tcheck | Ttotal | Status | Flags | 
|---|---|---|---|---|---|---|
| r-devel-linux-x86_64-debian-clang | 1.0.0 | 6.21 | 99.07 | 105.28 | OK | |
| r-devel-linux-x86_64-debian-gcc | 1.0.0 | 5.07 | 69.48 | 74.55 | OK | |
| r-devel-linux-x86_64-fedora-clang | 1.0.0 | 15.00 | 148.13 | 163.13 | NOTE | |
| r-devel-linux-x86_64-fedora-gcc | 1.0.0 | 14.00 | 156.14 | 170.14 | NOTE | |
| r-devel-windows-x86_64 | 1.0.0 | 7.00 | 110.00 | 117.00 | OK | |
| r-patched-linux-x86_64 | 1.0.0 | 6.69 | 93.34 | 100.03 | OK | |
| r-release-linux-x86_64 | 1.0.0 | 6.42 | 92.93 | 99.35 | OK | |
| r-release-macos-arm64 | 1.0.0 | 3.00 | 55.00 | 58.00 | OK | |
| r-release-macos-x86_64 | 1.0.0 | 9.00 | 102.00 | 111.00 | OK | |
| r-release-windows-x86_64 | 1.0.0 | 7.00 | 102.00 | 109.00 | OK | |
| r-oldrel-macos-arm64 | 1.0.0 | 3.00 | 47.00 | 50.00 | OK | |
| r-oldrel-macos-x86_64 | 1.0.0 | 7.00 | 75.00 | 82.00 | OK | |
| r-oldrel-windows-x86_64 | 1.0.0 | 10.00 | 140.00 | 150.00 | OK | 
Version: 1.0.0
Check: dependencies in R code
Result: NOTE
  Namespace in Imports field not imported from: ‘survival’
    All declared Imports should be used.
Flavors: r-devel-linux-x86_64-fedora-clang, r-devel-linux-x86_64-fedora-gcc