CRAN Package Check Results for Package PCL

Last updated on 2025-07-13 18:52:51 CEST.

Flavor Version Tinstall Tcheck Ttotal Status Flags
r-devel-linux-x86_64-debian-clang 1.0 1.50 18.17 19.67 NOTE
r-devel-linux-x86_64-debian-gcc 1.0 1.27 15.18 16.45 NOTE
r-devel-linux-x86_64-fedora-clang 1.0 32.00 OK
r-devel-linux-x86_64-fedora-gcc 1.0 29.55 OK
r-devel-windows-x86_64 1.0 5.00 41.00 46.00 OK
r-patched-linux-x86_64 1.0 1.73 17.27 19.00 OK
r-release-linux-x86_64 1.0 1.48 17.32 18.80 OK
r-release-macos-arm64 1.0 16.00 OK
r-release-macos-x86_64 1.0 24.00 OK
r-release-windows-x86_64 1.0 4.00 42.00 46.00 OK
r-oldrel-macos-arm64 1.0 14.00 OK
r-oldrel-macos-x86_64 1.0 19.00 OK
r-oldrel-windows-x86_64 1.0 3.00 41.00 44.00 OK

Check Details

Version: 1.0
Check: CRAN incoming feasibility
Result: NOTE Maintainer: ‘Andrew Ying <aying9339@gmail.com>’ The Description field contains arXiv e-prints, arXiv-2009 <arXiv:2009.10982>. Please refer to arXiv e-prints via their arXiv DOI <doi:10.48550/arXiv.YYMM.NNNNN>. Flavors: r-devel-linux-x86_64-debian-clang, r-devel-linux-x86_64-debian-gcc

mirror server hosted at Truenetwork, Russian Federation.