CRAN Package Check Results for Package PBNPA

Last updated on 2025-07-16 00:49:49 CEST.

Flavor Version Tinstall Tcheck Ttotal Status Flags
r-devel-linux-x86_64-debian-clang 0.0.3 1.71 20.02 21.73 OK
r-devel-linux-x86_64-debian-gcc 0.0.3 1.38 16.13 17.51 OK
r-devel-linux-x86_64-fedora-clang 0.0.3 33.20 OK
r-devel-linux-x86_64-fedora-gcc 0.0.3 31.84 OK
r-devel-windows-x86_64 0.0.3 3.00 41.00 44.00 OK
r-patched-linux-x86_64 0.0.3 1.70 18.72 20.42 OK
r-release-linux-x86_64 0.0.3 1.55 18.91 20.46 OK
r-release-macos-arm64 0.0.3 15.00 OK
r-release-macos-x86_64 0.0.3 24.00 OK
r-release-windows-x86_64 0.0.3 3.00 48.00 51.00 OK
r-oldrel-macos-arm64 0.0.3 15.00 NOTE
r-oldrel-macos-x86_64 0.0.3 19.00 NOTE
r-oldrel-windows-x86_64 0.0.3 2.00 43.00 45.00 NOTE

Check Details

Version: 0.0.3
Check: LazyData
Result: NOTE 'LazyData' is specified without a 'data' directory Flavors: r-oldrel-macos-arm64, r-oldrel-macos-x86_64, r-oldrel-windows-x86_64

mirror server hosted at Truenetwork, Russian Federation.