CRAN Package Check Results for Package PAGE

Last updated on 2025-11-28 12:48:45 CET.

Flavor Version Tinstall Tcheck Ttotal Status Flags
r-devel-linux-x86_64-debian-clang 0.4.0 3.47 37.16 40.63 OK
r-devel-linux-x86_64-debian-gcc 0.4.0 2.73 27.46 30.19 OK
r-devel-linux-x86_64-fedora-clang 0.4.0 62.22 NOTE
r-devel-linux-x86_64-fedora-gcc 0.4.0 72.40 NOTE
r-devel-windows-x86_64 0.4.0 9.00 75.00 84.00 OK
r-patched-linux-x86_64 0.4.0 3.61 35.19 38.80 OK
r-release-linux-x86_64 0.4.0 3.47 34.79 38.26 OK
r-release-macos-arm64 0.4.0 OK
r-release-macos-x86_64 0.4.0 4.00 48.00 52.00 OK
r-release-windows-x86_64 0.4.0 9.00 67.00 76.00 OK
r-oldrel-macos-arm64 0.4.0 OK
r-oldrel-macos-x86_64 0.4.0 5.00 64.00 69.00 OK
r-oldrel-windows-x86_64 0.4.0 9.00 66.00 75.00 OK

Check Details

Version: 0.4.0
Check: dependencies in R code
Result: NOTE Namespace in Imports field not imported from: ‘RSQLite’ All declared Imports should be used. Flavors: r-devel-linux-x86_64-fedora-clang, r-devel-linux-x86_64-fedora-gcc

mirror server hosted at Truenetwork, Russian Federation.