Last updated on 2025-02-22 11:51:37 CET.
Flavor | Version | Tinstall | Tcheck | Ttotal | Status | Flags |
---|---|---|---|---|---|---|
r-devel-linux-x86_64-debian-clang | 2.0-1 | 7.46 | 79.01 | 86.47 | OK | |
r-devel-linux-x86_64-debian-gcc | 2.0-1 | 4.89 | 56.30 | 61.19 | OK | |
r-devel-linux-x86_64-fedora-clang | 2.0-1 | 142.02 | OK | |||
r-devel-linux-x86_64-fedora-gcc | 2.0-1 | 146.74 | OK | |||
r-devel-macos-arm64 | 2.0-1 | 45.00 | OK | |||
r-devel-macos-x86_64 | 2.0-1 | 88.00 | OK | |||
r-devel-windows-x86_64 | 2.0-1 | 8.00 | 89.00 | 97.00 | OK | |
r-patched-linux-x86_64 | 2.0-1 | 7.43 | 72.22 | 79.65 | OK | |
r-release-linux-x86_64 | 2.0-1 | 6.67 | 72.19 | 78.86 | OK | |
r-release-macos-arm64 | 2.0-1 | 44.00 | OK | |||
r-release-macos-x86_64 | 2.0-1 | 85.00 | OK | |||
r-release-windows-x86_64 | 2.0-1 | 8.00 | 89.00 | 97.00 | OK | |
r-oldrel-macos-arm64 | 2.0-1 | 49.00 | OK | |||
r-oldrel-macos-x86_64 | 2.0-1 | 98.00 | OK | |||
r-oldrel-windows-x86_64 | 2.0-1 | 8.00 | 109.00 | 117.00 | ERROR |
Version: 2.0-1
Check: re-building of vignette outputs
Result: ERROR
Error(s) in re-building vignettes:
--- re-building 'OptimModel_vignette.Rmd' using rmarkdown
Quitting from lines 393-408 [unnamed-chunk-10] (OptimModel_vignette.Rmd)
Error: processing vignette 'OptimModel_vignette.Rmd' failed with diagnostics:
<text>:11:1: unexpected '<'
10: attr(f.model,"srcref") <-
11: <
^
--- failed re-building 'OptimModel_vignette.Rmd'
SUMMARY: processing the following file failed:
'OptimModel_vignette.Rmd'
Error: Vignette re-building failed.
Execution halted
Flavor: r-oldrel-windows-x86_64