CRAN Package Check Results for Package Observation

Last updated on 2025-07-13 00:48:34 CEST.

Flavor Version Tinstall Tcheck Ttotal Status Flags
r-devel-linux-x86_64-debian-clang 0.3.0 1.48 27.85 29.33 NOTE
r-devel-linux-x86_64-debian-gcc 0.3.0 1.75 22.61 24.36 NOTE
r-devel-linux-x86_64-fedora-clang 0.3.0 46.49 OK
r-devel-linux-x86_64-fedora-gcc 0.3.0 57.77 OK
r-devel-windows-x86_64 0.3.0 4.00 47.00 51.00 OK
r-patched-linux-x86_64 0.3.0 2.26 25.46 27.72 OK
r-release-linux-x86_64 0.3.0 2.01 25.50 27.51 OK
r-release-macos-arm64 0.3.0 32.00 OK
r-release-macos-x86_64 0.3.0 44.00 OK
r-release-windows-x86_64 0.3.0 4.00 53.00 57.00 OK
r-oldrel-macos-arm64 0.3.0 23.00 OK
r-oldrel-macos-x86_64 0.3.0 35.00 OK
r-oldrel-windows-x86_64 0.3.0 4.00 57.00 61.00 OK

Check Details

Version: 0.3.0
Check: CRAN incoming feasibility
Result: NOTE Maintainer: ‘Paul R. Hibbing <paulhibbing@gmail.com>’ Package CITATION file contains call(s) to old-style personList() or as.personList(). Please use c() on person objects instead. Package CITATION file contains call(s) to old-style citEntry(). Please use bibentry() instead. Flavors: r-devel-linux-x86_64-debian-clang, r-devel-linux-x86_64-debian-gcc

mirror server hosted at Truenetwork, Russian Federation.