Last updated on 2025-11-04 11:52:37 CET.
| Flavor | Version | Tinstall | Tcheck | Ttotal | Status | Flags | 
|---|---|---|---|---|---|---|
| r-devel-linux-x86_64-debian-clang | 2.10 | 14.79 | 240.62 | 255.41 | NOTE | |
| r-devel-linux-x86_64-debian-gcc | 2.10 | 10.03 | 157.65 | 167.68 | NOTE | |
| r-devel-linux-x86_64-fedora-clang | 2.10 | 35.00 | 391.37 | 426.37 | OK | |
| r-devel-linux-x86_64-fedora-gcc | 2.10 | 31.00 | 373.39 | 404.39 | OK | |
| r-devel-windows-x86_64 | 2.10 | 18.00 | 235.00 | 253.00 | OK | |
| r-patched-linux-x86_64 | 2.10 | 13.30 | 231.99 | 245.29 | OK | |
| r-release-linux-x86_64 | 2.10 | 13.59 | 232.33 | 245.92 | OK | |
| r-release-macos-arm64 | 2.10 | 7.00 | 111.00 | 118.00 | OK | |
| r-release-macos-x86_64 | 2.10 | 14.00 | 239.00 | 253.00 | OK | |
| r-release-windows-x86_64 | 2.10 | 20.00 | 229.00 | 249.00 | OK | |
| r-oldrel-macos-arm64 | 2.10 | 6.00 | 94.00 | 100.00 | OK | |
| r-oldrel-macos-x86_64 | 2.10 | 9.00 | 154.00 | 163.00 | OK | |
| r-oldrel-windows-x86_64 | 2.10 | 23.00 | 300.00 | 323.00 | OK | 
Version: 2.10
Check: CRAN incoming feasibility
Result: NOTE
  Maintainer: ‘Jeremy Beaulieu <jmbeauli@uark.edu>’
  
  No Authors@R field in DESCRIPTION.
  Please add one, modifying
    Authors@R: c(person(given = c("Jeremy", "M."),
                        family = "Beaulieu",
                        role = "aut",
                        email = "jmbeauli@uark.edu"),
                 person(given = "Brian",
                        family = "O'Meara",
                        role = "aut",
                        email = "bomeara@utk.edu"),
                 person(given = "Jeremy",
                        family = "Beaulieu",
                        role = "cre",
                        email = "jmbeauli@uark.edu"))
  as necessary.
Flavors: r-devel-linux-x86_64-debian-clang, r-devel-linux-x86_64-debian-gcc