CRAN Package Check Results for Package OLStrajr

Last updated on 2025-05-26 00:48:39 CEST.

Flavor Version Tinstall Tcheck Ttotal Status Flags
r-devel-linux-x86_64-debian-clang 0.1.0 2.07 53.74 55.81 NOTE
r-devel-linux-x86_64-debian-gcc 0.1.0 1.82 38.81 40.63 NOTE
r-devel-linux-x86_64-fedora-clang 0.1.0 84.10 NOTE
r-devel-linux-x86_64-fedora-gcc 0.1.0 94.13 NOTE
r-devel-windows-x86_64 0.1.0 4.00 67.00 71.00 NOTE
r-patched-linux-x86_64 0.1.0 2.40 49.36 51.76 NOTE
r-release-linux-x86_64 0.1.0 1.82 49.22 51.04 NOTE
r-release-macos-arm64 0.1.0 32.00 NOTE
r-release-macos-x86_64 0.1.0 61.00 NOTE
r-release-windows-x86_64 0.1.0 4.00 65.00 69.00 NOTE
r-oldrel-macos-arm64 0.1.0 37.00 OK
r-oldrel-macos-x86_64 0.1.0 47.00 OK
r-oldrel-windows-x86_64 0.1.0 4.00 78.00 82.00 OK

Check Details

Version: 0.1.0
Check: DESCRIPTION meta-information
Result: NOTE Missing dependency on R >= 4.1.0 because package code uses the pipe |> or function shorthand \(...) syntax added in R 4.1.0. File(s) using such syntax: ‘OLStraj.R’ ‘cbc_lm.R’ Flavors: r-devel-linux-x86_64-debian-clang, r-devel-linux-x86_64-debian-gcc, r-devel-linux-x86_64-fedora-clang, r-devel-linux-x86_64-fedora-gcc, r-devel-windows-x86_64, r-patched-linux-x86_64, r-release-linux-x86_64, r-release-macos-arm64, r-release-macos-x86_64, r-release-windows-x86_64

mirror server hosted at Truenetwork, Russian Federation.