CRAN Package Check Results for Package OEFPIL

Last updated on 2025-02-22 11:51:36 CET.

Flavor Version Tinstall Tcheck Ttotal Status Flags
r-devel-linux-x86_64-debian-clang 0.1.1 5.80 54.42 60.22 NOTE
r-devel-linux-x86_64-debian-gcc 0.1.1 3.99 38.98 42.97 NOTE
r-devel-linux-x86_64-fedora-clang 0.1.1 97.58 OK
r-devel-linux-x86_64-fedora-gcc 0.1.1 100.42 OK
r-devel-macos-arm64 0.1.1 30.00 OK
r-devel-macos-x86_64 0.1.1 54.00 OK
r-devel-windows-x86_64 0.1.1 8.00 58.00 66.00 NOTE
r-patched-linux-x86_64 0.1.1 9.47 51.28 60.75 OK
r-release-linux-x86_64 0.1.1 5.66 52.22 57.88 OK
r-release-macos-arm64 0.1.1 30.00 OK
r-release-macos-x86_64 0.1.1 49.00 OK
r-release-windows-x86_64 0.1.1 8.00 71.00 79.00 OK
r-oldrel-macos-arm64 0.1.1 35.00 OK
r-oldrel-macos-x86_64 0.1.1 48.00 OK
r-oldrel-windows-x86_64 0.1.1 9.00 84.00 93.00 OK

Check Details

Version: 0.1.1
Check: Rd cross-references
Result: NOTE Found the following Rd file(s) with Rd \link{} targets missing package anchors: NanoIndent.OEFPIL.Rd: nlsLM OEFPIL.Rd: nlsLM Please provide package anchors for all Rd \link{} targets not in the package itself and the base packages. Flavors: r-devel-linux-x86_64-debian-clang, r-devel-linux-x86_64-debian-gcc, r-devel-windows-x86_64

mirror server hosted at Truenetwork, Russian Federation.