Last updated on 2025-11-04 11:52:37 CET.
| Flavor | Version | Tinstall | Tcheck | Ttotal | Status | Flags | 
|---|---|---|---|---|---|---|
| r-devel-linux-x86_64-debian-clang | 0.5.3 | 2.87 | 30.17 | 33.04 | OK | |
| r-devel-linux-x86_64-debian-gcc | 0.5.3 | 2.18 | 24.38 | 26.56 | OK | |
| r-devel-linux-x86_64-fedora-clang | 0.5.3 | 52.61 | NOTE | |||
| r-devel-linux-x86_64-fedora-gcc | 0.5.3 | 60.67 | NOTE | |||
| r-devel-windows-x86_64 | 0.5.3 | 6.00 | 52.00 | 58.00 | OK | |
| r-patched-linux-x86_64 | 0.5.3 | 3.14 | 27.61 | 30.75 | OK | |
| r-release-linux-x86_64 | 0.5.3 | 2.78 | 27.83 | 30.61 | OK | |
| r-release-macos-arm64 | 0.5.3 | 2.00 | 39.00 | 41.00 | OK | |
| r-release-macos-x86_64 | 0.5.3 | 3.00 | 56.00 | 59.00 | OK | |
| r-release-windows-x86_64 | 0.5.3 | 4.00 | 51.00 | 55.00 | OK | |
| r-oldrel-macos-arm64 | 0.5.3 | 1.00 | 34.00 | 35.00 | OK | |
| r-oldrel-macos-x86_64 | 0.5.3 | 2.00 | 40.00 | 42.00 | OK | |
| r-oldrel-windows-x86_64 | 0.5.3 | 5.00 | 60.00 | 65.00 | OK | 
Version: 0.5.3
Check: dependencies in R code
Result: NOTE
  Namespace in Imports field not imported from: ‘R6’
    All declared Imports should be used.
Flavors: r-devel-linux-x86_64-fedora-clang, r-devel-linux-x86_64-fedora-gcc