Last updated on 2025-11-04 11:52:37 CET.
| Flavor | Version | Tinstall | Tcheck | Ttotal | Status | Flags | 
|---|---|---|---|---|---|---|
| r-devel-linux-x86_64-debian-clang | 1.0.8 | 9.12 | 61.11 | 70.23 | NOTE | |
| r-devel-linux-x86_64-debian-gcc | 1.0.8 | 5.75 | 44.96 | 50.71 | NOTE | |
| r-devel-linux-x86_64-fedora-clang | 1.0.8 | 17.00 | 95.74 | 112.74 | OK | |
| r-devel-linux-x86_64-fedora-gcc | 1.0.8 | 19.00 | 80.44 | 99.44 | OK | |
| r-devel-windows-x86_64 | 1.0.8 | 12.00 | 86.00 | 98.00 | OK | |
| r-patched-linux-x86_64 | 1.0.8 | 7.73 | 57.98 | 65.71 | OK | |
| r-release-linux-x86_64 | 1.0.8 | 7.34 | 59.30 | 66.64 | OK | |
| r-release-macos-arm64 | 1.0.8 | 6.00 | 31.00 | 37.00 | OK | |
| r-release-macos-x86_64 | 1.0.8 | 11.00 | 58.00 | 69.00 | OK | |
| r-release-windows-x86_64 | 1.0.8 | 10.00 | 69.00 | 79.00 | OK | |
| r-oldrel-macos-arm64 | 1.0.8 | 5.00 | 28.00 | 33.00 | OK | |
| r-oldrel-macos-x86_64 | 1.0.8 | 7.00 | 40.00 | 47.00 | OK | |
| r-oldrel-windows-x86_64 | 1.0.8 | 15.00 | 87.00 | 102.00 | OK | 
Version: 1.0.8
Check: CRAN incoming feasibility
Result: NOTE
  Maintainer: ‘Cecile Proust-Lima <cecile.proust-lima@inserm.fr>’
  
  No Authors@R field in DESCRIPTION.
  Please add one, modifying
    Authors@R: c(person(given = "Cecile",
                        family = "Proust-Lima",
                        role = c("aut", "cre"),
                        email = "cecile.proust-lima@inserm.fr"),
                 person(given = "Viviane",
                        family = "Philipps",
                        role = "aut"))
  as necessary.
Flavors: r-devel-linux-x86_64-debian-clang, r-devel-linux-x86_64-debian-gcc