Last updated on 2025-11-04 11:52:37 CET.
| Flavor | Version | Tinstall | Tcheck | Ttotal | Status | Flags | 
|---|---|---|---|---|---|---|
| r-devel-linux-x86_64-debian-clang | 0.7.0 | 2.95 | 29.27 | 32.22 | NOTE | |
| r-devel-linux-x86_64-debian-gcc | 0.7.0 | 2.25 | 22.27 | 24.52 | NOTE | |
| r-devel-linux-x86_64-fedora-clang | 0.7.0 | 51.86 | OK | |||
| r-devel-linux-x86_64-fedora-gcc | 0.7.0 | 47.24 | OK | |||
| r-devel-windows-x86_64 | 0.7.0 | 3.00 | 47.00 | 50.00 | OK | |
| r-patched-linux-x86_64 | 0.7.0 | 3.30 | 27.76 | 31.06 | OK | |
| r-release-linux-x86_64 | 0.7.0 | 3.03 | 27.89 | 30.92 | OK | |
| r-release-macos-arm64 | 0.7.0 | 1.00 | 17.00 | 18.00 | OK | |
| r-release-macos-x86_64 | 0.7.0 | 2.00 | 35.00 | 37.00 | OK | |
| r-release-windows-x86_64 | 0.7.0 | 5.00 | 45.00 | 50.00 | OK | |
| r-oldrel-macos-arm64 | 0.7.0 | 1.00 | 16.00 | 17.00 | OK | |
| r-oldrel-macos-x86_64 | 0.7.0 | 3.00 | 27.00 | 30.00 | OK | |
| r-oldrel-windows-x86_64 | 0.7.0 | 5.00 | 47.00 | 52.00 | OK | 
Version: 0.7.0
Check: CRAN incoming feasibility
Result: NOTE
  Maintainer: ‘Kyun-Seop Bae <k@acr.kr>’
  
  No Authors@R field in DESCRIPTION.
  Please add one, modifying
    Authors@R: person(given = "Kyun-Seop",
                      family = "Bae",
                      role = c("aut", "cre"),
                      email = "k@acr.kr")
  as necessary.
Flavors: r-devel-linux-x86_64-debian-clang, r-devel-linux-x86_64-debian-gcc