Last updated on 2025-11-04 05:51:18 CET.
| Flavor | Version | Tinstall | Tcheck | Ttotal | Status | Flags | 
|---|---|---|---|---|---|---|
| r-devel-linux-x86_64-debian-clang | 1.2.9 | 103.67 | 124.86 | 228.53 | OK | |
| r-devel-linux-x86_64-debian-gcc | 1.2.9 | 65.15 | 88.06 | 153.21 | OK | |
| r-devel-linux-x86_64-fedora-clang | 1.2.9 | 159.00 | 264.40 | 423.40 | OK | |
| r-devel-linux-x86_64-fedora-gcc | 1.2.9 | 142.00 | 242.94 | 384.94 | OK | |
| r-devel-windows-x86_64 | 1.2.9 | 139.00 | 146.00 | 285.00 | OK | |
| r-patched-linux-x86_64 | 1.2.9 | 104.94 | 118.07 | 223.01 | OK | |
| r-release-linux-x86_64 | 1.2.9 | 100.49 | 118.41 | 218.90 | OK | |
| r-release-macos-arm64 | 1.2.9 | 36.00 | 103.00 | 139.00 | OK | |
| r-release-macos-x86_64 | 1.2.9 | 66.00 | 200.00 | 266.00 | OK | |
| r-release-windows-x86_64 | 1.2.9 | 123.00 | 141.00 | 264.00 | OK | |
| r-oldrel-macos-arm64 | 1.2.9 | 34.00 | 71.00 | 105.00 | NOTE | |
| r-oldrel-macos-x86_64 | 1.2.9 | 51.00 | 223.00 | 274.00 | NOTE | |
| r-oldrel-windows-x86_64 | 1.2.9 | 144.00 | 189.00 | 333.00 | OK | 
Version: 1.2.9
Check: installed package size
Result: NOTE
    installed size is  8.7Mb
    sub-directories of 1Mb or more:
      doc    1.7Mb
      libs   5.9Mb
Flavors: r-oldrel-macos-arm64, r-oldrel-macos-x86_64