Last updated on 2025-11-04 05:51:18 CET.
| Flavor | Version | Tinstall | Tcheck | Ttotal | Status | Flags | 
|---|---|---|---|---|---|---|
| r-devel-linux-x86_64-debian-clang | 3.1.10 | 10.85 | 81.59 | 92.44 | NOTE | |
| r-devel-linux-x86_64-debian-gcc | 3.1.10 | 7.24 | 58.22 | 65.46 | NOTE | |
| r-devel-linux-x86_64-fedora-clang | 3.1.10 | 26.00 | 121.15 | 147.15 | OK | |
| r-devel-linux-x86_64-fedora-gcc | 3.1.10 | 21.00 | 111.20 | 132.20 | OK | |
| r-devel-windows-x86_64 | 3.1.10 | 12.00 | 93.00 | 105.00 | OK | |
| r-patched-linux-x86_64 | 3.1.10 | 10.78 | 77.14 | 87.92 | OK | |
| r-release-linux-x86_64 | 3.1.10 | 10.30 | 78.01 | 88.31 | OK | |
| r-release-macos-arm64 | 3.1.10 | 5.00 | 34.00 | 39.00 | OK | |
| r-release-macos-x86_64 | 3.1.10 | 9.00 | 65.00 | 74.00 | OK | |
| r-release-windows-x86_64 | 3.1.10 | 11.00 | 88.00 | 99.00 | OK | |
| r-oldrel-macos-arm64 | 3.1.10 | 4.00 | 34.00 | 38.00 | OK | |
| r-oldrel-macos-x86_64 | 3.1.10 | 6.00 | 52.00 | 58.00 | OK | |
| r-oldrel-windows-x86_64 | 3.1.10 | 15.00 | 112.00 | 127.00 | OK | 
Version: 3.1.10
Check: CRAN incoming feasibility
Result: NOTE
  Maintainer: ‘Daliang Ning <ningdaliang@ou.edu>’
  
  No Authors@R field in DESCRIPTION.
  Please add one, modifying
    Authors@R: person(given = "Daliang",
                      family = "Ning",
                      role = c("aut", "cre"),
                      email = "ningdaliang@ou.edu")
  as necessary.
Flavors: r-devel-linux-x86_64-debian-clang, r-devel-linux-x86_64-debian-gcc