CRAN Package Check Results for Package NMI

Last updated on 2025-07-13 18:52:50 CEST.

Flavor Version Tinstall Tcheck Ttotal Status Flags
r-devel-linux-x86_64-debian-clang 2.0 1.47 16.11 17.58 OK
r-devel-linux-x86_64-debian-gcc 2.0 1.34 13.87 15.21 OK
r-devel-linux-x86_64-fedora-clang 2.0 27.50 OK
r-devel-linux-x86_64-fedora-gcc 2.0 26.48 OK
r-devel-windows-x86_64 2.0 2.00 33.00 35.00 OK
r-patched-linux-x86_64 2.0 1.30 15.11 16.41 OK
r-release-linux-x86_64 2.0 1.63 15.27 16.90 OK
r-release-macos-arm64 2.0 17.00 OK
r-release-macos-x86_64 2.0 24.00 OK
r-release-windows-x86_64 2.0 4.00 34.00 38.00 OK
r-oldrel-macos-arm64 2.0 13.00 NOTE
r-oldrel-macos-x86_64 2.0 20.00 NOTE
r-oldrel-windows-x86_64 2.0 2.00 34.00 36.00 NOTE

Check Details

Version: 2.0
Check: LazyData
Result: NOTE 'LazyData' is specified without a 'data' directory Flavors: r-oldrel-macos-arm64, r-oldrel-macos-x86_64, r-oldrel-windows-x86_64

mirror server hosted at Truenetwork, Russian Federation.