Last updated on 2025-11-03 23:50:25 CET.
| Flavor | Version | Tinstall | Tcheck | Ttotal | Status | Flags | 
|---|---|---|---|---|---|---|
| r-devel-linux-x86_64-debian-clang | 1.0.0 | 2.90 | 29.72 | 32.62 | NOTE | |
| r-devel-linux-x86_64-debian-gcc | 1.0.0 | 1.87 | 20.86 | 22.73 | NOTE | |
| r-devel-linux-x86_64-fedora-clang | 1.0.0 | 46.19 | OK | |||
| r-devel-linux-x86_64-fedora-gcc | 1.0.0 | 43.63 | OK | |||
| r-devel-windows-x86_64 | 1.0.0 | 7.00 | 66.00 | 73.00 | OK | |
| r-patched-linux-x86_64 | 1.0.0 | 4.44 | 27.34 | 31.78 | OK | |
| r-release-linux-x86_64 | 1.0.0 | 2.87 | 26.87 | 29.74 | OK | |
| r-release-macos-arm64 | 1.0.0 | 2.00 | 18.00 | 20.00 | OK | |
| r-release-macos-x86_64 | 1.0.0 | 4.00 | 27.00 | 31.00 | OK | |
| r-release-windows-x86_64 | 1.0.0 | 7.00 | 71.00 | 78.00 | OK | |
| r-oldrel-macos-arm64 | 1.0.0 | 2.00 | 14.00 | 16.00 | OK | |
| r-oldrel-macos-x86_64 | 1.0.0 | 4.00 | 23.00 | 27.00 | OK | |
| r-oldrel-windows-x86_64 | 1.0.0 | 7.00 | 62.00 | 69.00 | OK | 
Version: 1.0.0
Check: CRAN incoming feasibility
Result: NOTE
  Maintainer: ‘D. Lukke Sweet <dls229@zips.uakron.edu>’
  
  No Authors@R field in DESCRIPTION.
  Please add one, modifying
    Authors@R: person(given = c("D.", "Lukke"),
                      family = "Sweet",
                      role = c("aut", "cre"),
                      email = "dls229@zips.uakron.edu")
  as necessary.
Flavors: r-devel-linux-x86_64-debian-clang, r-devel-linux-x86_64-debian-gcc