Last updated on 2025-05-21 18:49:58 CEST.
Flavor | Version | Tinstall | Tcheck | Ttotal | Status | Flags |
---|---|---|---|---|---|---|
r-devel-linux-x86_64-debian-clang | 0.9.1 | 50.95 | 329.71 | 380.66 | OK | |
r-devel-linux-x86_64-debian-gcc | 0.9.1 | 38.28 | 207.89 | 246.17 | OK | |
r-devel-linux-x86_64-fedora-clang | 1.0 | 353.33 | OK | |||
r-devel-linux-x86_64-fedora-gcc | 1.0 | 321.92 | OK | |||
r-devel-windows-x86_64 | 0.9.1 | 53.00 | 262.00 | 315.00 | OK | |
r-patched-linux-x86_64 | 0.9.1 | 53.20 | 297.97 | 351.17 | OK | |
r-release-linux-x86_64 | 0.9.1 | 51.92 | 298.51 | 350.43 | OK | |
r-release-macos-arm64 | 1.0 | 149.00 | OK | |||
r-release-macos-x86_64 | 1.0 | 314.00 | OK | |||
r-release-windows-x86_64 | 1.0 | 71.00 | 284.00 | 355.00 | OK | |
r-oldrel-macos-arm64 | 1.0 | 148.00 | NOTE | |||
r-oldrel-macos-x86_64 | 1.0 | 319.00 | NOTE | |||
r-oldrel-windows-x86_64 | 0.9.1 | 72.00 | 379.00 | 451.00 | NOTE |
Version: 1.0
Check: installed package size
Result: NOTE
installed size is 8.2Mb
sub-directories of 1Mb or more:
doc 2.7Mb
help 2.2Mb
libs 2.3Mb
Flavors: r-oldrel-macos-arm64, r-oldrel-macos-x86_64
Version: 0.9.1
Check: installed package size
Result: NOTE
installed size is 6.3Mb
sub-directories of 1Mb or more:
doc 2.3Mb
help 2.0Mb
libs 1.0Mb
Flavor: r-oldrel-windows-x86_64