Last updated on 2025-11-03 17:49:55 CET.
| Flavor | Version | Tinstall | Tcheck | Ttotal | Status | Flags |
|---|---|---|---|---|---|---|
| r-devel-linux-x86_64-debian-clang | 0.1.19 | 12.15 | 91.48 | 103.63 | NOTE | |
| r-devel-linux-x86_64-debian-gcc | 0.1.19 | 8.43 | 63.16 | 71.59 | NOTE | |
| r-devel-linux-x86_64-fedora-clang | 0.1.19 | 29.00 | 136.17 | 165.17 | OK | |
| r-devel-linux-x86_64-fedora-gcc | 0.1.19 | 23.00 | 123.72 | 146.72 | OK | |
| r-devel-windows-x86_64 | 0.1.19 | 14.00 | 106.00 | 120.00 | OK | |
| r-patched-linux-x86_64 | 0.1.19 | 12.21 | 83.76 | 95.97 | OK | |
| r-release-linux-x86_64 | 0.1.19 | 11.16 | 84.08 | 95.24 | OK | |
| r-release-macos-arm64 | 0.1.19 | 7.00 | 52.00 | 59.00 | OK | |
| r-release-macos-x86_64 | 0.1.19 | 9.00 | 70.00 | 79.00 | OK | |
| r-release-windows-x86_64 | 0.1.19 | 14.00 | 90.00 | 104.00 | OK | |
| r-oldrel-macos-arm64 | 0.1.19 | 5.00 | 38.00 | 43.00 | OK | |
| r-oldrel-macos-x86_64 | 0.1.19 | 10.00 | 61.00 | 71.00 | OK | |
| r-oldrel-windows-x86_64 | 0.1.19 | 18.00 | 112.00 | 130.00 | OK |
Version: 0.1.19
Check: CRAN incoming feasibility
Result: NOTE
Maintainer: ‘Aurobindh Kalathil Puthanpura <kalat2@pdx.edu>’
No Authors@R field in DESCRIPTION.
Please add one, modifying
Authors@R: person(given = c("Aurobindh", "Kalathil"),
family = "Puthanpura",
role = c("aut", "cre"),
email = "kalat2@pdx.edu")
as necessary.
Flavors: r-devel-linux-x86_64-debian-clang, r-devel-linux-x86_64-debian-gcc