CRAN Package Check Results for Package MultipleBreakpoints

Last updated on 2025-11-28 12:48:44 CET.

Flavor Version Tinstall Tcheck Ttotal Status Flags
r-devel-linux-x86_64-debian-clang 0.1.0 2.08 22.77 24.85 NOTE
r-devel-linux-x86_64-debian-gcc 0.1.0 1.71 18.61 20.32 NOTE
r-devel-linux-x86_64-fedora-clang 0.1.0 36.93 OK
r-devel-linux-x86_64-fedora-gcc 0.1.0 35.00 OK
r-devel-windows-x86_64 0.1.0 3.00 41.00 44.00 OK
r-patched-linux-x86_64 0.1.0 1.78 21.67 23.45 OK
r-release-linux-x86_64 0.1.0 2.11 21.37 23.48 OK
r-release-macos-arm64 0.1.0 OK
r-release-macos-x86_64 0.1.0 2.00 23.00 25.00 OK
r-release-windows-x86_64 0.1.0 3.00 50.00 53.00 OK
r-oldrel-macos-arm64 0.1.0 OK
r-oldrel-macos-x86_64 0.1.0 2.00 22.00 24.00 OK
r-oldrel-windows-x86_64 0.1.0 4.00 46.00 50.00 OK

Check Details

Version: 0.1.0
Check: CRAN incoming feasibility
Result: NOTE Maintainer: ‘Nicolas Froelich <nicfroe@posteo.de>’ No Authors@R field in DESCRIPTION. Please add one, modifying Authors@R: person(given = "Nicolas", family = "Froelich", role = c("aut", "cre"), email = "nicfroe@posteo.de") as necessary. Flavors: r-devel-linux-x86_64-debian-clang, r-devel-linux-x86_64-debian-gcc

mirror server hosted at Truenetwork, Russian Federation.