Last updated on 2025-11-04 11:52:36 CET.
| Flavor | Version | Tinstall | Tcheck | Ttotal | Status | Flags | 
|---|---|---|---|---|---|---|
| r-devel-linux-x86_64-debian-clang | 1.2.4 | 2.37 | 36.32 | 38.69 | NOTE | |
| r-devel-linux-x86_64-debian-gcc | 1.2.4 | 1.78 | 25.71 | 27.49 | NOTE | |
| r-devel-linux-x86_64-fedora-clang | 1.2.4 | 64.52 | OK | |||
| r-devel-linux-x86_64-fedora-gcc | 1.2.4 | 60.38 | OK | |||
| r-devel-windows-x86_64 | 1.2.4 | 3.00 | 50.00 | 53.00 | OK | |
| r-patched-linux-x86_64 | 1.2.4 | 2.10 | 34.23 | 36.33 | OK | |
| r-release-linux-x86_64 | 1.2.4 | 2.31 | 35.40 | 37.71 | OK | |
| r-release-macos-arm64 | 1.2.4 | 1.00 | 18.00 | 19.00 | OK | |
| r-release-macos-x86_64 | 1.2.4 | 4.00 | 55.00 | 59.00 | OK | |
| r-release-windows-x86_64 | 1.2.4 | 3.00 | 48.00 | 51.00 | OK | |
| r-oldrel-macos-arm64 | 1.2.4 | 1.00 | 18.00 | 19.00 | OK | |
| r-oldrel-macos-x86_64 | 1.2.4 | 2.00 | 30.00 | 32.00 | OK | |
| r-oldrel-windows-x86_64 | 1.2.4 | 3.00 | 50.00 | 53.00 | OK | 
Version: 1.2.4
Check: CRAN incoming feasibility
Result: NOTE
  Maintainer: ‘Ran Gao <rgao8@uic.edu>’
  
  No Authors@R field in DESCRIPTION.
  Please add one, modifying
    Authors@R: c(person(given = "Hakan",
                        family = "Demirtas",
                        role = "aut"),
                 person(given = "Rawan",
                        family = "Allozi",
                        role = "aut"),
                 person(given = "Ran",
                        family = "Gao",
                        role = c("aut", "cre"),
                        email = "rgao8@uic.edu"))
  as necessary.
Flavors: r-devel-linux-x86_64-debian-clang, r-devel-linux-x86_64-debian-gcc