Last updated on 2025-11-04 05:51:17 CET.
| Flavor | Version | Tinstall | Tcheck | Ttotal | Status | Flags | 
|---|---|---|---|---|---|---|
| r-devel-linux-x86_64-debian-clang | 2.0.3 | 20.49 | 155.86 | 176.35 | NOTE | |
| r-devel-linux-x86_64-debian-gcc | 2.0.3 | 16.51 | 106.44 | 122.95 | NOTE | |
| r-devel-linux-x86_64-fedora-clang | 2.0.3 | 49.00 | 226.92 | 275.92 | NOTE | |
| r-devel-linux-x86_64-fedora-gcc | 2.0.3 | 38.00 | 224.59 | 262.59 | NOTE | |
| r-devel-windows-x86_64 | 2.0.3 | 21.00 | 147.00 | 168.00 | NOTE | |
| r-patched-linux-x86_64 | 2.0.3 | 19.75 | 140.23 | 159.98 | NOTE | |
| r-release-linux-x86_64 | 2.0.3 | 20.05 | 140.97 | 161.02 | NOTE | |
| r-release-macos-arm64 | 2.0.3 | 9.00 | 82.00 | 91.00 | NOTE | |
| r-release-macos-x86_64 | 2.0.3 | 15.00 | 114.00 | 129.00 | NOTE | |
| r-release-windows-x86_64 | 2.0.3 | 21.00 | 140.00 | 161.00 | NOTE | |
| r-oldrel-macos-arm64 | 2.0.3 | 7.00 | 59.00 | 66.00 | NOTE | |
| r-oldrel-macos-x86_64 | 2.0.3 | 11.00 | 87.00 | 98.00 | NOTE | |
| r-oldrel-windows-x86_64 | 2.0.3 | 29.00 | 186.00 | 215.00 | NOTE | 
Version: 2.0.3
Check: CRAN incoming feasibility
Result: NOTE
  Maintainer: ‘Lachlan Coin <l.coin@imb.uq.edu.au>’
  
  No Authors@R field in DESCRIPTION.
  Please add one, modifying
    Authors@R: c(person(given = "Lachlan",
                        family = "Coin",
                        role = c("aut", "cre"),
                        email = "l.coin@imb.uq.edu.au"),
                 person(given = "Paul",
                        family = "O'Reilly",
                        role = "aut"),
                 person(given = "Yotsawat",
                        family = "Pompyen",
                        role = "aut"),
                 person(given = "Clive",
                        family = "Hoggart",
                        role = "aut"),
                 person(given = "Federico",
                        family = "Calboli",
                        role = "aut"))
  as necessary.
Flavors: r-devel-linux-x86_64-debian-clang, r-devel-linux-x86_64-debian-gcc
Version: 2.0.3
Check: Rd files
Result: NOTE
  checkRd: (-1) mPhen.defineOptions.Rd:4: Escaped LaTeX specials: \$
Flavors: r-devel-linux-x86_64-debian-clang, r-devel-linux-x86_64-debian-gcc, r-devel-linux-x86_64-fedora-clang, r-devel-linux-x86_64-fedora-gcc, r-devel-windows-x86_64, r-patched-linux-x86_64, r-release-linux-x86_64, r-release-macos-arm64, r-release-macos-x86_64, r-release-windows-x86_64, r-oldrel-macos-arm64, r-oldrel-macos-x86_64, r-oldrel-windows-x86_64