Last updated on 2025-11-04 05:51:17 CET.
| Flavor | Version | Tinstall | Tcheck | Ttotal | Status | Flags | 
|---|---|---|---|---|---|---|
| r-devel-linux-x86_64-debian-clang | 0.1-3 | 31.19 | 43.56 | 74.75 | NOTE | |
| r-devel-linux-x86_64-debian-gcc | 0.1-3 | 23.44 | 30.59 | 54.03 | NOTE | |
| r-devel-linux-x86_64-fedora-clang | 0.1-3 | 58.00 | 80.42 | 138.42 | OK | |
| r-devel-linux-x86_64-fedora-gcc | 0.1-3 | 83.00 | 38.61 | 121.61 | OK | |
| r-devel-windows-x86_64 | 0.1-3 | 41.00 | 73.00 | 114.00 | OK | |
| r-patched-linux-x86_64 | 0.1-3 | 33.51 | 36.95 | 70.46 | OK | |
| r-release-linux-x86_64 | 0.1-3 | 33.78 | 36.71 | 70.49 | OK | |
| r-release-macos-arm64 | 0.1-3 | 14.00 | 23.00 | 37.00 | OK | |
| r-release-macos-x86_64 | 0.1-3 | 24.00 | 39.00 | 63.00 | OK | |
| r-release-windows-x86_64 | 0.1-3 | 37.00 | 71.00 | 108.00 | OK | |
| r-oldrel-macos-arm64 | 0.1-3 | 13.00 | 21.00 | 34.00 | OK | |
| r-oldrel-macos-x86_64 | 0.1-3 | 21.00 | 33.00 | 54.00 | OK | |
| r-oldrel-windows-x86_64 | 0.1-3 | 46.00 | 84.00 | 130.00 | OK | 
Version: 0.1-3
Check: CRAN incoming feasibility
Result: NOTE
  Maintainer: ‘Gunther Schauberger <gunther.schauberger@tum.de>’
  
  No Authors@R field in DESCRIPTION.
  Please add one, modifying
    Authors@R: person(given = "Gunther",
                      family = "Schauberger",
                      role = c("aut", "cre"),
                      email = "gunther.schauberger@tum.de")
  as necessary.
Flavors: r-devel-linux-x86_64-debian-clang, r-devel-linux-x86_64-debian-gcc