CRAN Package Check Results for Package MultIS

Last updated on 2025-11-03 23:50:24 CET.

Flavor Version Tinstall Tcheck Ttotal Status Flags
r-devel-linux-x86_64-debian-clang 0.6.2 4.92 73.55 78.47 OK
r-devel-linux-x86_64-debian-gcc 0.6.2 4.15 53.49 57.64 OK
r-devel-linux-x86_64-fedora-clang 0.6.2 26.00 103.96 129.96 NOTE
r-devel-linux-x86_64-fedora-gcc 0.6.2 27.00 115.67 142.67 NOTE
r-devel-windows-x86_64 0.6.2 9.00 89.00 98.00 OK
r-patched-linux-x86_64 0.6.2 4.37 69.83 74.20 OK
r-release-linux-x86_64 0.6.2 4.92 70.90 75.82 OK
r-release-macos-arm64 0.6.2 3.00 83.00 86.00 OK
r-release-macos-x86_64 0.6.2 4.00 81.00 85.00 OK
r-release-windows-x86_64 0.6.2 8.00 84.00 92.00 OK
r-oldrel-macos-arm64 0.6.2 2.00 38.00 40.00 OK
r-oldrel-macos-x86_64 0.6.2 4.00 59.00 63.00 OK
r-oldrel-windows-x86_64 0.6.2 10.00 112.00 122.00 OK

Check Details

Version: 0.6.2
Check: dependencies in R code
Result: NOTE Namespaces in Imports field not imported from: ‘poweRlaw’ ‘rmutil’ All declared Imports should be used. Flavors: r-devel-linux-x86_64-fedora-clang, r-devel-linux-x86_64-fedora-gcc

mirror server hosted at Truenetwork, Russian Federation.