CRAN Package Check Results for Package MonoPoly

Last updated on 2025-07-13 06:48:30 CEST.

Flavor Version Tinstall Tcheck Ttotal Status Flags
r-devel-linux-x86_64-debian-clang 0.3-10 6.89 39.31 46.20 NOTE
r-devel-linux-x86_64-debian-gcc 0.3-10 4.52 28.69 33.21 NOTE
r-devel-linux-x86_64-fedora-clang 0.3-10 72.57 OK
r-devel-linux-x86_64-fedora-gcc 0.3-10 68.48 OK
r-devel-windows-x86_64 0.3-10 10.00 64.00 74.00 OK
r-patched-linux-x86_64 0.3-10 7.10 36.63 43.73 OK
r-release-linux-x86_64 0.3-10 6.55 36.32 42.87 OK
r-release-macos-arm64 0.3-10 26.00 OK
r-release-macos-x86_64 0.3-10 44.00 OK
r-release-windows-x86_64 0.3-10 9.00 65.00 74.00 OK
r-oldrel-macos-arm64 0.3-10 25.00 OK
r-oldrel-macos-x86_64 0.3-10 36.00 OK
r-oldrel-windows-x86_64 0.3-10 9.00 64.00 73.00 OK

Check Details

Version: 0.3-10
Check: CRAN incoming feasibility
Result: NOTE Maintainer: ‘Berwin A. Turlach <Berwin.Turlach@gmail.com>’ Package CITATION file contains call(s) to old-style personList() or as.personList(). Please use c() on person objects instead. Package CITATION file contains call(s) to old-style citEntry(). Please use bibentry() instead. Flavors: r-devel-linux-x86_64-debian-clang, r-devel-linux-x86_64-debian-gcc

mirror server hosted at Truenetwork, Russian Federation.