Last updated on 2025-11-04 05:51:17 CET.
| Flavor | Version | Tinstall | Tcheck | Ttotal | Status | Flags | 
|---|---|---|---|---|---|---|
| r-devel-linux-x86_64-debian-clang | 1.4.1 | 4.99 | 36.89 | 41.88 | OK | |
| r-devel-linux-x86_64-debian-gcc | 1.4.1 | 3.99 | 29.15 | 33.14 | OK | |
| r-devel-linux-x86_64-fedora-clang | 1.4.1 | 12.00 | 48.90 | 60.90 | OK | |
| r-devel-linux-x86_64-fedora-gcc | 1.4.1 | 10.00 | 46.94 | 56.94 | OK | |
| r-devel-windows-x86_64 | 1.4.1 | 8.00 | 58.00 | 66.00 | OK | |
| r-patched-linux-x86_64 | 1.4.1 | 5.07 | 34.36 | 39.43 | OK | |
| r-release-linux-x86_64 | 1.4.1 | 4.41 | 34.48 | 38.89 | OK | |
| r-release-macos-arm64 | 1.4.1 | 3.00 | 20.00 | 23.00 | OK | |
| r-release-macos-x86_64 | 1.4.1 | 5.00 | 37.00 | 42.00 | OK | |
| r-release-windows-x86_64 | 1.4.1 | 8.00 | 56.00 | 64.00 | OK | |
| r-oldrel-macos-arm64 | 1.4.1 | 4.00 | 25.00 | 29.00 | NOTE | |
| r-oldrel-macos-x86_64 | 1.4.1 | 7.00 | 38.00 | 45.00 | NOTE | |
| r-oldrel-windows-x86_64 | 1.4.1 | 9.00 | 70.00 | 79.00 | OK | 
Version: 1.4.1
Check: installed package size
Result: NOTE
    installed size is  5.6Mb
    sub-directories of 1Mb or more:
      data   5.3Mb
Flavors: r-oldrel-macos-arm64, r-oldrel-macos-x86_64