Last updated on 2025-05-23 18:50:33 CEST.
Flavor | Version | Tinstall | Tcheck | Ttotal | Status | Flags |
---|---|---|---|---|---|---|
r-devel-linux-x86_64-debian-clang | 0.1-4 | 11.34 | 94.62 | 105.96 | OK | |
r-devel-linux-x86_64-debian-gcc | 0.1-4 | 9.83 | 67.55 | 77.38 | OK | |
r-devel-linux-x86_64-fedora-clang | 0.1-4 | 166.71 | OK | |||
r-devel-linux-x86_64-fedora-gcc | 0.1-4 | 174.41 | OK | |||
r-devel-windows-x86_64 | 0.1-4 | 26.00 | 182.00 | 208.00 | OK | |
r-patched-linux-x86_64 | 0.1-4 | 12.05 | 88.21 | 100.26 | OK | |
r-release-linux-x86_64 | 0.1-4 | 10.90 | 89.33 | 100.23 | OK | |
r-release-macos-arm64 | 0.1-4 | 71.00 | OK | |||
r-release-macos-x86_64 | 0.1-4 | 128.00 | OK | |||
r-release-windows-x86_64 | 0.1-4 | 26.00 | 192.00 | 218.00 | OK | |
r-oldrel-macos-arm64 | 0.1-4 | 71.00 | NOTE | |||
r-oldrel-macos-x86_64 | 0.1-4 | 138.00 | NOTE | |||
r-oldrel-windows-x86_64 | 0.1-4 | 29.00 | 142.00 | 171.00 | OK |
Version: 0.1-4
Check: package dependencies
Result: NOTE
Package which this enhances but not available for checking: ‘pbdMPI’
Flavors: r-oldrel-macos-arm64, r-oldrel-macos-x86_64