Last updated on 2025-11-04 05:51:16 CET.
| Flavor | Version | Tinstall | Tcheck | Ttotal | Status | Flags | 
|---|---|---|---|---|---|---|
| r-devel-linux-x86_64-debian-clang | 1.0.4 | 4.68 | 30.44 | 35.12 | NOTE | |
| r-devel-linux-x86_64-debian-gcc | 1.0.4 | 3.10 | 23.75 | 26.85 | NOTE | |
| r-devel-linux-x86_64-fedora-clang | 1.0.4 | 12.00 | 42.88 | 54.88 | OK | |
| r-devel-linux-x86_64-fedora-gcc | 1.0.4 | 52.09 | OK | |||
| r-devel-windows-x86_64 | 1.0.4 | 7.00 | 50.00 | 57.00 | OK | |
| r-patched-linux-x86_64 | 1.0.4 | 4.59 | 29.00 | 33.59 | OK | |
| r-release-linux-x86_64 | 1.0.4 | 5.15 | 29.95 | 35.10 | OK | |
| r-release-macos-arm64 | 1.0.4 | 3.00 | 18.00 | 21.00 | OK | |
| r-release-macos-x86_64 | 1.0.4 | 5.00 | 28.00 | 33.00 | OK | |
| r-release-windows-x86_64 | 1.0.4 | 6.00 | 45.00 | 51.00 | OK | |
| r-oldrel-macos-arm64 | 1.0.4 | 3.00 | 17.00 | 20.00 | OK | |
| r-oldrel-macos-x86_64 | 1.0.4 | 4.00 | 33.00 | 37.00 | OK | |
| r-oldrel-windows-x86_64 | 1.0.4 | 5.00 | 59.00 | 64.00 | OK | 
Version: 1.0.4
Check: CRAN incoming feasibility
Result: NOTE
  Maintainer: ‘Lorenzo Mercuri <lorenzo.mercuri@unimi.it>’
  
  No Authors@R field in DESCRIPTION.
  Please add one, modifying
    Authors@R: c(person(given = "Lorenzo",
                        family = "Mercuri",
                        role = c("aut", "cre"),
                        email = "lorenzo.mercuri@unimi.it"),
                 person(given = "Edit",
                        family = "Rroji",
                        role = "aut"))
  as necessary.
Flavors: r-devel-linux-x86_64-debian-clang, r-devel-linux-x86_64-debian-gcc