Last updated on 2025-11-04 11:52:36 CET.
| Flavor | Version | Tinstall | Tcheck | Ttotal | Status | Flags | 
|---|---|---|---|---|---|---|
| r-devel-linux-x86_64-debian-clang | 2.0 | 2.05 | 24.20 | 26.25 | NOTE | |
| r-devel-linux-x86_64-debian-gcc | 2.0 | 1.58 | 19.35 | 20.93 | NOTE | |
| r-devel-linux-x86_64-fedora-clang | 2.0 | 38.81 | NOTE | |||
| r-devel-linux-x86_64-fedora-gcc | 2.0 | 37.42 | NOTE | |||
| r-devel-windows-x86_64 | 2.0 | 4.00 | 44.00 | 48.00 | OK | |
| r-patched-linux-x86_64 | 2.0 | 1.94 | 23.18 | 25.12 | OK | |
| r-release-linux-x86_64 | 2.0 | 2.07 | 23.04 | 25.11 | OK | |
| r-release-macos-arm64 | 2.0 | 1.00 | 19.00 | 20.00 | OK | |
| r-release-macos-x86_64 | 2.0 | 2.00 | 26.00 | 28.00 | OK | |
| r-release-windows-x86_64 | 2.0 | 4.00 | 43.00 | 47.00 | OK | |
| r-oldrel-macos-arm64 | 2.0 | 1.00 | 16.00 | 17.00 | OK | |
| r-oldrel-macos-x86_64 | 2.0 | 2.00 | 21.00 | 23.00 | OK | |
| r-oldrel-windows-x86_64 | 2.0 | 5.00 | 48.00 | 53.00 | OK | 
Version: 2.0
Check: CRAN incoming feasibility
Result: NOTE
  Maintainer: ‘Zihao Zheng <zihao.zheng@wisc.edu>’
  
  No Authors@R field in DESCRIPTION.
  Please add one, modifying
    Authors@R: c(person(given = "Zihao",
                        family = "Zheng",
                        role = c("aut", "cre"),
                        email = "zihao.zheng@wisc.edu"),
                 person(given = "Michael",
                        family = "A.Newton",
                        role = "aut"))
  as necessary.
Flavors: r-devel-linux-x86_64-debian-clang, r-devel-linux-x86_64-debian-gcc
Version: 2.0
Check: dependencies in R code
Result: NOTE
  Namespaces in Imports field not imported from:
    ‘ashr’ ‘fdrtool’
    All declared Imports should be used.
Flavors: r-devel-linux-x86_64-fedora-clang, r-devel-linux-x86_64-fedora-gcc