Last updated on 2025-11-04 11:52:35 CET.
| Flavor | Version | Tinstall | Tcheck | Ttotal | Status | Flags | 
|---|---|---|---|---|---|---|
| r-devel-linux-x86_64-debian-clang | 0.14.4 | 56.99 | 759.52 | 816.51 | OK | |
| r-devel-linux-x86_64-debian-gcc | 0.14.4 | 42.24 | 527.56 | 569.80 | OK | |
| r-devel-linux-x86_64-fedora-clang | 0.14.4 | 301.00 | 1079.56 | 1380.56 | OK | |
| r-devel-linux-x86_64-fedora-gcc | 0.14.4 | 300.00 | 966.40 | 1266.40 | OK | |
| r-devel-windows-x86_64 | 0.14.4 | 64.00 | 696.00 | 760.00 | OK | |
| r-patched-linux-x86_64 | 0.14.4 | 0.31 | 1.87 | 2.18 | ERROR | |
| r-release-linux-x86_64 | 0.14.4 | 62.32 | 727.38 | 789.70 | OK | |
| r-release-macos-arm64 | 0.14.4 | 28.00 | 281.00 | 309.00 | OK | |
| r-release-macos-x86_64 | 0.14.4 | 62.00 | 641.00 | 703.00 | OK | |
| r-release-windows-x86_64 | 0.14.4 | 61.00 | 691.00 | 752.00 | OK | |
| r-oldrel-macos-arm64 | 0.14.4 | 28.00 | 274.00 | 302.00 | OK | |
| r-oldrel-macos-x86_64 | 0.14.4 | 77.00 | 643.00 | 720.00 | NOTE | |
| r-oldrel-windows-x86_64 | 0.14.4 | 86.00 | 969.00 | 1055.00 | OK | 
Version: 0.14.4
Check: package dependencies
Result: ERROR
  Package required but not available: ‘dada2’
  
  Packages suggested but not available for checking:
    'DESeq2', 'mia', 'SummarizedExperiment'
  
  See section ‘The DESCRIPTION file’ in the ‘Writing R Extensions’
  manual.
Flavor: r-patched-linux-x86_64
Version: 0.14.4
Check: package dependencies
Result: NOTE
  Packages suggested but not available for checking: 'ANCOMBC', 'mia'
Flavor: r-oldrel-macos-x86_64
Version: 0.14.4
Check: Rd cross-references
Result: NOTE
  Package unavailable to check Rd xrefs: ‘ANCOMBC’
Flavor: r-oldrel-macos-x86_64