Last updated on 2025-11-04 05:51:16 CET.
| Flavor | Version | Tinstall | Tcheck | Ttotal | Status | Flags | 
|---|---|---|---|---|---|---|
| r-devel-linux-x86_64-debian-clang | 0.1.0 | 7.02 | 92.40 | 99.42 | NOTE | |
| r-devel-linux-x86_64-debian-gcc | 0.1.0 | 4.39 | 64.38 | 68.77 | NOTE | |
| r-devel-linux-x86_64-fedora-clang | 0.1.0 | 63.00 | 108.87 | 171.87 | OK | |
| r-devel-linux-x86_64-fedora-gcc | 0.1.0 | 14.00 | 144.84 | 158.84 | OK | |
| r-devel-windows-x86_64 | 0.1.0 | 9.00 | 112.00 | 121.00 | OK | |
| r-patched-linux-x86_64 | 0.1.0 | 8.13 | 86.84 | 94.97 | OK | |
| r-release-linux-x86_64 | 0.1.0 | 7.31 | 87.13 | 94.44 | OK | |
| r-release-macos-arm64 | 0.1.0 | 5.00 | ERROR | |||
| r-release-macos-x86_64 | 0.1.0 | 11.00 | ERROR | |||
| r-release-windows-x86_64 | 0.1.0 | 10.00 | 111.00 | 121.00 | OK | |
| r-oldrel-macos-arm64 | 0.1.0 | 3.00 | 42.00 | 45.00 | OK | |
| r-oldrel-macos-x86_64 | 0.1.0 | 5.00 | 61.00 | 66.00 | OK | |
| r-oldrel-windows-x86_64 | 0.1.0 | 13.00 | 151.00 | 164.00 | OK | 
Version: 0.1.0
Check: CRAN incoming feasibility
Result: NOTE
  Maintainer: ‘Thi Huyen Nguyen <thihuyen.nguyen@uhasselt.be>’
  
  The BugReports field in DESCRIPTION has
    https://github.com/N-T-Huyen/MicrobiomeSurv/issues/new
  which should likely be
    https://github.com/N-T-Huyen/MicrobiomeSurv/issues/new/issues
  instead.
Flavors: r-devel-linux-x86_64-debian-clang, r-devel-linux-x86_64-debian-gcc
Version: 0.1.0
Check: package dependencies
Result: ERROR
  Package required but not available: ‘microbiome’
  
  See section ‘The DESCRIPTION file’ in the ‘Writing R Extensions’
  manual.
Flavors: r-release-macos-arm64, r-release-macos-x86_64