Last updated on 2025-11-04 11:52:35 CET.
| Flavor | Version | Tinstall | Tcheck | Ttotal | Status | Flags | 
|---|---|---|---|---|---|---|
| r-devel-linux-x86_64-debian-clang | 0.2.1 | 5.18 | 44.03 | 49.21 | NOTE | |
| r-devel-linux-x86_64-debian-gcc | 0.2.1 | 4.00 | 32.93 | 36.93 | NOTE | |
| r-devel-linux-x86_64-fedora-clang | 0.2.1 | 12.00 | 65.70 | 77.70 | OK | |
| r-devel-linux-x86_64-fedora-gcc | 0.2.1 | 12.00 | 60.69 | 72.69 | OK | |
| r-devel-windows-x86_64 | 0.2.1 | 7.00 | 60.00 | 67.00 | OK | |
| r-patched-linux-x86_64 | 0.2.1 | 4.52 | 41.57 | 46.09 | OK | |
| r-release-linux-x86_64 | 0.2.1 | 5.14 | 41.62 | 46.76 | OK | |
| r-release-macos-arm64 | 0.2.1 | 4.00 | 29.00 | 33.00 | OK | |
| r-release-macos-x86_64 | 0.2.1 | 5.00 | 36.00 | 41.00 | OK | |
| r-release-windows-x86_64 | 0.2.1 | 8.00 | 56.00 | 64.00 | OK | |
| r-oldrel-macos-arm64 | 0.2.1 | 2.00 | 20.00 | 22.00 | OK | |
| r-oldrel-macos-x86_64 | 0.2.1 | 6.00 | 41.00 | 47.00 | OK | |
| r-oldrel-windows-x86_64 | 0.2.1 | 10.00 | 72.00 | 82.00 | OK | 
Version: 0.2.1
Check: CRAN incoming feasibility
Result: NOTE
  Maintainer: ‘Christopher Jackson <chris.jackson@mrc-bsu.cam.ac.uk>’
  
  No Authors@R field in DESCRIPTION.
  Please add one, modifying
    Authors@R: c(person(given = "Jack",
                        family = "Bowden",
                        role = "aut",
                        email = "j.bowden@bristol.ac.uk",
                        comment = "conception"),
                 person(given = "Christopher",
                        family = "Jackson",
                        role = c("aut", "cre"),
                        email = "chris.jackson@mrc-bsu.cam.ac.uk",
                        comment = "programming"))
  as necessary.
  
  Package CITATION file contains call(s) to old-style personList() or
  as.personList().  Please use c() on person objects instead.
  Package CITATION file contains call(s) to old-style citEntry().  Please
  use bibentry() instead.
  
  Found the following URLs which should use \doi (with the DOI name only):
    File ‘MetaAnalyser.Rd’:
      http://dx.doi.org/10.1080/00031305.2016.1165735
Flavors: r-devel-linux-x86_64-debian-clang, r-devel-linux-x86_64-debian-gcc