Last updated on 2025-11-04 11:52:35 CET.
| Flavor | Version | Tinstall | Tcheck | Ttotal | Status | Flags | 
|---|---|---|---|---|---|---|
| r-devel-linux-x86_64-debian-clang | 0.10.0 | 56.90 | 319.24 | 376.14 | OK | |
| r-devel-linux-x86_64-debian-gcc | 0.10.0 | 40.18 | 195.84 | 236.02 | OK | |
| r-devel-linux-x86_64-fedora-clang | 0.10.0 | 155.00 | 477.14 | 632.14 | OK | |
| r-devel-linux-x86_64-fedora-gcc | 0.10.0 | 141.00 | 452.77 | 593.77 | OK | |
| r-devel-windows-x86_64 | 0.10.0 | 63.00 | 301.00 | 364.00 | OK | |
| r-patched-linux-x86_64 | 0.10.0 | 64.54 | 296.11 | 360.65 | OK | |
| r-release-linux-x86_64 | 0.10.0 | 61.74 | 294.51 | 356.25 | OK | |
| r-release-macos-arm64 | 0.10.0 | 21.00 | 125.00 | 146.00 | OK | |
| r-release-macos-x86_64 | 0.10.0 | 51.00 | 263.00 | 314.00 | OK | |
| r-release-windows-x86_64 | 0.10.0 | 62.00 | 293.00 | 355.00 | OK | |
| r-oldrel-macos-arm64 | 0.10.0 | 24.00 | 125.00 | 149.00 | NOTE | |
| r-oldrel-macos-x86_64 | 0.10.0 | 36.00 | 261.00 | 297.00 | NOTE | |
| r-oldrel-windows-x86_64 | 0.10.0 | 85.00 | 420.00 | 505.00 | OK | 
Version: 0.10.0
Check: installed package size
Result: NOTE
    installed size is  5.2Mb
    sub-directories of 1Mb or more:
      libs   3.6Mb
Flavors: r-oldrel-macos-arm64, r-oldrel-macos-x86_64