CRAN Package Check Results for Package MedxR

Last updated on 2025-11-03 17:49:54 CET.

Flavor Version Tinstall Tcheck Ttotal Status Flags
r-devel-linux-x86_64-debian-clang 0.1.0 5.06 57.99 63.05 ERROR
r-devel-linux-x86_64-debian-gcc 0.1.0 3.36 43.91 47.27 OK
r-devel-linux-x86_64-fedora-clang 0.1.0 13.00 85.63 98.63 OK
r-devel-linux-x86_64-fedora-gcc 0.1.0 10.00 98.71 108.71 OK
r-devel-windows-x86_64 0.1.0 8.00 97.00 105.00 OK
r-patched-linux-x86_64 0.1.0 5.45 56.82 62.27 OK
r-release-linux-x86_64 0.1.0 5.53 56.86 62.39 OK
r-release-macos-arm64 0.1.0 2.00 48.00 50.00 ERROR
r-release-macos-x86_64 0.1.0 5.00 79.00 84.00 ERROR
r-release-windows-x86_64 0.1.0 9.00 93.00 102.00 OK
r-oldrel-macos-arm64 0.1.0 3.00 52.00 55.00 ERROR
r-oldrel-macos-x86_64 0.1.0 7.00 90.00 97.00 ERROR
r-oldrel-windows-x86_64 0.1.0 10.00 110.00 120.00 OK

Check Details

Version: 0.1.0
Check: re-building of vignette outputs
Result: ERROR Error(s) in re-building vignettes: ... --- re-building ‘MedxR_vignette.Rmd’ using rmarkdown Quitting from MedxR_vignette.Rmd:108-114 [health-canada-din] ~~~~~~~~~~~~~~~~~~~~~~~~~~~~~~~~~~~~~~~~~~~~~~~~~~~~~~~~~~~~~~~~~~~~~~~~~~~~~~~~~~~~~~~~~~~~~~~~~~~~~~~~~~~~~~~~~~~~~~~~~~~~~~~~~~~~~~~~~~~~~~~~~~~~~~ <error/rlang_error> Error in `curl::curl_fetch_memory()`: ! Timeout was reached [health-products.canada.ca]: Resolving timed out after 10000 milliseconds --- Backtrace: ▆ 1. ├─MedxR::get_hc_drug_by_din("00000213") 2. │ ├─MedxR (local) fetch_data(url) 3. │ │ ├─base::withVisible(eval(mc, parent.frame())) 4. │ │ └─base::eval(mc, parent.frame()) 5. │ │ └─base::eval(mc, parent.frame()) 6. │ └─MedxR (local) `<fn>`(url = url) 7. │ └─httr::GET(url) 8. │ └─httr:::request_perform(req, hu$handle$handle) 9. │ ├─httr:::request_fetch(req$output, req$url, handle) 10. │ └─httr:::request_fetch.write_memory(req$output, req$url, handle) 11. │ └─curl::curl_fetch_memory(url, handle = handle) 12. └─curl:::raise_libcurl_error(...) ~~~~~~~~~~~~~~~~~~~~~~~~~~~~~~~~~~~~~~~~~~~~~~~~~~~~~~~~~~~~~~~~~~~~~~~~~~~~~~~~~~~~~~~~~~~~~~~~~~~~~~~~~~~~~~~~~~~~~~~~~~~~~~~~~~~~~~~~~~~~~~~~~~~~~~ Error: processing vignette 'MedxR_vignette.Rmd' failed with diagnostics: Timeout was reached [health-products.canada.ca]: Resolving timed out after 10000 milliseconds --- failed re-building ‘MedxR_vignette.Rmd’ SUMMARY: processing the following file failed: ‘MedxR_vignette.Rmd’ Error: Vignette re-building failed. Execution halted Flavor: r-devel-linux-x86_64-debian-clang

Version: 0.1.0
Check: re-building of vignette outputs
Result: ERROR Error(s) in re-building vignettes: --- re-building ‘MedxR_vignette.Rmd’ using rmarkdown Quitting from MedxR_vignette.Rmd:108-114 [health-canada-din] ~~~~~~~~~~~~~~~~~~~~~~~~~~~~~~~~~~~~~~~~~~~~~~~~~~~~~~~~~~~~~~~~~~~~~~~~~~~~~~~~~~~~~~~~~~~~~~~~~~~~~~~~~~~~~~~~~~~~~~~~~~~~~~~~~~~~~~~~~~~~~~~~~~~~~~ <error/rlang_error> Error in `curl::curl_fetch_memory()`: ! SSL peer certificate or SSH remote key was not OK [health-products.canada.ca]: SSL certificate problem: unable to get local issuer certificate --- Backtrace: ▆ 1. ├─MedxR::get_hc_drug_by_din("00000213") 2. │ ├─MedxR (local) fetch_data(url) 3. │ │ ├─base::withVisible(eval(mc, parent.frame())) 4. │ │ └─base::eval(mc, parent.frame()) 5. │ │ └─base::eval(mc, parent.frame()) 6. │ └─MedxR (local) `<fn>`(url = url) 7. │ └─httr::GET(url) 8. │ └─httr:::request_perform(req, hu$handle$handle) 9. │ ├─httr:::request_fetch(req$output, req$url, handle) 10. │ └─httr:::request_fetch.write_memory(req$output, req$url, handle) 11. │ └─curl::curl_fetch_memory(url, handle = handle) 12. └─curl:::raise_libcurl_error(...) ~~~~~~~~~~~~~~~~~~~~~~~~~~~~~~~~~~~~~~~~~~~~~~~~~~~~~~~~~~~~~~~~~~~~~~~~~~~~~~~~~~~~~~~~~~~~~~~~~~~~~~~~~~~~~~~~~~~~~~~~~~~~~~~~~~~~~~~~~~~~~~~~~~~~~~ Error: processing vignette 'MedxR_vignette.Rmd' failed with diagnostics: SSL peer certificate or SSH remote key was not OK [health-products.canada.ca]: SSL certificate problem: unable to get local issuer certificate --- failed re-building ‘MedxR_vignette.Rmd’ SUMMARY: processing the following file failed: ‘MedxR_vignette.Rmd’ Error: Vignette re-building failed. Execution halted Flavors: r-release-macos-arm64, r-release-macos-x86_64, r-oldrel-macos-arm64, r-oldrel-macos-x86_64

mirror server hosted at Truenetwork, Russian Federation.