Last updated on 2025-07-13 18:52:48 CEST.
Flavor | Version | Tinstall | Tcheck | Ttotal | Status | Flags |
---|---|---|---|---|---|---|
r-devel-linux-x86_64-debian-clang | 0.1.5 | 1.59 | 23.95 | 25.54 | NOTE | |
r-devel-linux-x86_64-debian-gcc | 0.1.5 | 1.47 | 17.94 | 19.41 | NOTE | |
r-devel-linux-x86_64-fedora-clang | 0.1.5 | 40.51 | OK | |||
r-devel-linux-x86_64-fedora-gcc | 0.1.5 | 38.67 | OK | |||
r-devel-windows-x86_64 | 0.1.5 | 2.00 | 39.00 | 41.00 | OK | |
r-patched-linux-x86_64 | 0.1.5 | 1.98 | 22.31 | 24.29 | OK | |
r-release-linux-x86_64 | 0.1.5 | 1.72 | 21.88 | 23.60 | OK | |
r-release-macos-arm64 | 0.1.5 | 17.00 | OK | |||
r-release-macos-x86_64 | 0.1.5 | 25.00 | OK | |||
r-release-windows-x86_64 | 0.1.5 | 4.00 | 38.00 | 42.00 | OK | |
r-oldrel-macos-arm64 | 0.1.5 | 15.00 | OK | |||
r-oldrel-macos-x86_64 | 0.1.5 | 28.00 | OK | |||
r-oldrel-windows-x86_64 | 0.1.5 | 3.00 | 39.00 | 42.00 | OK |
Version: 0.1.5
Check: CRAN incoming feasibility
Result: NOTE
Maintainer: ‘Michael P.B. Gallaugher <gallaump@mcmaster.ca>’
No Authors@R field in DESCRIPTION.
Please add one, modifying
Authors@R: c(person(given = c("Michael", "P.B."),
family = "Gallaugher",
role = c("aut", "cre"),
email = "gallaump@mcmaster.ca"),
person(given = c("Paul", "D."),
family = "McNicholas",
role = "aut"))
as necessary.
Flavors: r-devel-linux-x86_64-debian-clang, r-devel-linux-x86_64-debian-gcc