Last updated on 2025-02-21 17:50:45 CET.
Flavor | Version | Tinstall | Tcheck | Ttotal | Status | Flags |
---|---|---|---|---|---|---|
r-devel-linux-x86_64-debian-clang | 1.0.2 | 39.59 | 319.47 | 359.06 | OK | |
r-devel-linux-x86_64-debian-gcc | 1.0.2 | 22.72 | 203.44 | 226.16 | OK | |
r-devel-linux-x86_64-fedora-clang | 1.0.2 | 578.35 | OK | |||
r-devel-linux-x86_64-fedora-gcc | 1.0.2 | 556.78 | OK | |||
r-devel-macos-arm64 | 1.0.2 | 142.00 | OK | |||
r-devel-macos-x86_64 | 1.0.2 | 248.00 | OK | |||
r-devel-windows-x86_64 | 1.0.2 | 36.00 | 244.00 | 280.00 | OK | |
r-patched-linux-x86_64 | 1.0.2 | 30.83 | 294.11 | 324.94 | OK | |
r-release-linux-x86_64 | 1.0.2 | 33.54 | 297.30 | 330.84 | OK | |
r-release-macos-arm64 | 1.0.2 | 130.00 | OK | |||
r-release-macos-x86_64 | 1.0.2 | 195.00 | OK | |||
r-release-windows-x86_64 | 1.0.2 | 36.00 | 249.00 | 285.00 | OK | |
r-oldrel-macos-arm64 | 1.0.2 | 145.00 | NOTE | |||
r-oldrel-macos-x86_64 | 1.0.2 | 223.00 | NOTE | |||
r-oldrel-windows-x86_64 | 1.0.2 | 46.00 | 346.00 | 392.00 | OK |
Version: 1.0.2
Check: package dependencies
Result: NOTE
Package suggested but not available for checking: ‘BiocCheck’
Flavors: r-oldrel-macos-arm64, r-oldrel-macos-x86_64