Last updated on 2025-11-03 17:49:54 CET.
| Flavor | Version | Tinstall | Tcheck | Ttotal | Status | Flags |
|---|---|---|---|---|---|---|
| r-devel-linux-x86_64-debian-clang | 0.1.0 | 18.78 | 124.50 | 143.28 | OK | |
| r-devel-linux-x86_64-debian-gcc | 0.1.0 | 12.89 | 92.49 | 105.38 | OK | |
| r-devel-linux-x86_64-fedora-clang | 0.1.0 | 37.00 | 190.55 | 227.55 | NOTE | |
| r-devel-linux-x86_64-fedora-gcc | 0.1.0 | 35.00 | 179.57 | 214.57 | NOTE | |
| r-devel-windows-x86_64 | 0.1.0 | 20.00 | 117.00 | 137.00 | OK | |
| r-patched-linux-x86_64 | 0.1.0 | 18.04 | 119.28 | 137.32 | OK | |
| r-release-linux-x86_64 | 0.1.0 | 17.48 | 118.61 | 136.09 | OK | |
| r-release-macos-arm64 | 0.1.0 | 8.00 | 53.00 | 61.00 | OK | |
| r-release-macos-x86_64 | 0.1.0 | 14.00 | 91.00 | 105.00 | OK | |
| r-release-windows-x86_64 | 0.1.0 | 18.00 | 113.00 | 131.00 | OK | |
| r-oldrel-macos-arm64 | 0.1.0 | 9.00 | 53.00 | 62.00 | OK | |
| r-oldrel-macos-x86_64 | 0.1.0 | 13.00 | 82.00 | 95.00 | OK | |
| r-oldrel-windows-x86_64 | 0.1.0 | 25.00 | 148.00 | 173.00 | OK |
Version: 0.1.0
Check: dependencies in R code
Result: NOTE
Namespaces in Imports field not imported from:
‘ngram’ ‘shinythemes’ ‘topicmodels’
All declared Imports should be used.
Flavors: r-devel-linux-x86_64-fedora-clang, r-devel-linux-x86_64-fedora-gcc