Last updated on 2025-02-21 17:50:46 CET.
Flavor | Version | Tinstall | Tcheck | Ttotal | Status | Flags |
---|---|---|---|---|---|---|
r-devel-linux-x86_64-debian-clang | 0.6.2 | 10.46 | 72.52 | 82.98 | OK | |
r-devel-linux-x86_64-debian-gcc | 0.6.2 | 6.29 | 52.61 | 58.90 | OK | |
r-devel-linux-x86_64-fedora-clang | 0.6.2 | 131.49 | OK | |||
r-devel-linux-x86_64-fedora-gcc | 0.6.2 | 127.48 | OK | |||
r-devel-macos-arm64 | 0.6.2 | 40.00 | OK | |||
r-devel-macos-x86_64 | 0.6.2 | 78.00 | OK | |||
r-devel-windows-x86_64 | 0.6.2 | 12.00 | 95.00 | 107.00 | OK | |
r-patched-linux-x86_64 | 0.6.2 | 10.32 | 70.28 | 80.60 | NOTE | |
r-release-linux-x86_64 | 0.6.2 | 9.77 | 68.39 | 78.16 | NOTE | |
r-release-macos-arm64 | 0.6.2 | 38.00 | NOTE | |||
r-release-macos-x86_64 | 0.6.2 | 61.00 | NOTE | |||
r-release-windows-x86_64 | 0.6.2 | 10.00 | 89.00 | 99.00 | NOTE | |
r-oldrel-macos-arm64 | 0.6.2 | 40.00 | NOTE | |||
r-oldrel-macos-x86_64 | 0.6.2 | 66.00 | NOTE | |||
r-oldrel-windows-x86_64 | 0.6.2 | 14.00 | 110.00 | 124.00 | NOTE |
Version: 0.6.2
Check: LazyData
Result: NOTE
'LazyData' is specified without a 'data' directory
Flavors: r-patched-linux-x86_64, r-release-linux-x86_64, r-release-macos-arm64, r-release-macos-x86_64, r-release-windows-x86_64, r-oldrel-macos-arm64, r-oldrel-macos-x86_64, r-oldrel-windows-x86_64