Last updated on 2025-07-14 00:48:30 CEST.
Flavor | Version | Tinstall | Tcheck | Ttotal | Status | Flags |
---|---|---|---|---|---|---|
r-devel-linux-x86_64-debian-clang | 1.0.2 | 5.97 | 48.41 | 54.38 | NOTE | |
r-devel-linux-x86_64-debian-gcc | 1.0.2 | 4.42 | 35.56 | 39.98 | NOTE | |
r-devel-linux-x86_64-fedora-clang | 1.0.2 | 84.80 | OK | |||
r-devel-linux-x86_64-fedora-gcc | 1.0.2 | 82.54 | OK | |||
r-devel-windows-x86_64 | 1.0.2 | 8.00 | 62.00 | 70.00 | NOTE | |
r-patched-linux-x86_64 | 1.0.2 | 6.13 | 45.68 | 51.81 | NOTE | |
r-release-linux-x86_64 | 1.0.2 | 5.36 | 45.20 | 50.56 | NOTE | |
r-release-macos-arm64 | 1.0.2 | 33.00 | OK | |||
r-release-macos-x86_64 | 1.0.2 | 54.00 | OK | |||
r-release-windows-x86_64 | 1.0.2 | 8.00 | 66.00 | 74.00 | NOTE | |
r-oldrel-macos-arm64 | 1.0.2 | 27.00 | OK | |||
r-oldrel-macos-x86_64 | 1.0.2 | 37.00 | OK | |||
r-oldrel-windows-x86_64 | 1.0.2 | 11.00 | 75.00 | 86.00 | OK |
Version: 1.0.2
Check: Rd cross-references
Result: NOTE
Found the following Rd file(s) with Rd \link{} targets missing package
anchors:
plot.MTest.Rd: ggplot
Please provide package anchors for all Rd \link{} targets not in the
package itself and the base packages.
Flavors: r-devel-linux-x86_64-debian-clang, r-devel-linux-x86_64-debian-gcc, r-devel-windows-x86_64, r-patched-linux-x86_64, r-release-linux-x86_64, r-release-windows-x86_64