CRAN Package Check Results for Package MTLR

Last updated on 2025-05-27 18:49:55 CEST.

Flavor Version Tinstall Tcheck Ttotal Status Flags
r-devel-linux-x86_64-debian-clang 0.2.1 25.55 60.53 86.08 NOTE
r-devel-linux-x86_64-debian-gcc 0.2.1 17.08 43.93 61.01 NOTE
r-devel-linux-x86_64-fedora-clang 0.2.1 143.57 OK
r-devel-linux-x86_64-fedora-gcc 0.2.1 152.72 OK
r-devel-windows-x86_64 0.2.1 30.00 87.00 117.00 OK
r-patched-linux-x86_64 0.2.1 23.05 55.79 78.84 OK
r-release-linux-x86_64 0.2.1 24.33 55.56 79.89 OK
r-release-macos-arm64 0.2.1 50.00 OK
r-release-macos-x86_64 0.2.1 83.00 OK
r-release-windows-x86_64 0.2.1 30.00 91.00 121.00 OK
r-oldrel-macos-arm64 0.2.1 47.00 NOTE
r-oldrel-macos-x86_64 0.2.1 79.00 NOTE
r-oldrel-windows-x86_64 0.2.1 32.00 115.00 147.00 NOTE

Check Details

Version: 0.2.1
Check: CRAN incoming feasibility
Result: NOTE Maintainer: ‘Humza Haider <hshaider@ualberta.ca>’ No Authors@R field in DESCRIPTION. Please add one, modifying Authors@R: person(given = "Humza", family = "Haider", role = c("aut", "cre"), email = "hshaider@ualberta.ca") as necessary. Flavors: r-devel-linux-x86_64-debian-clang, r-devel-linux-x86_64-debian-gcc

Version: 0.2.1
Check: LazyData
Result: NOTE 'LazyData' is specified without a 'data' directory Flavors: r-oldrel-macos-arm64, r-oldrel-macos-x86_64, r-oldrel-windows-x86_64

mirror server hosted at Truenetwork, Russian Federation.