Last updated on 2025-11-03 23:50:24 CET.
| Flavor | Version | Tinstall | Tcheck | Ttotal | Status | Flags | 
|---|---|---|---|---|---|---|
| r-devel-linux-x86_64-debian-clang | 3.0 | 28.25 | 137.08 | 165.33 | OK | |
| r-devel-linux-x86_64-debian-gcc | 3.0 | 17.88 | 85.51 | 103.39 | OK | |
| r-devel-linux-x86_64-fedora-clang | 3.0 | 70.00 | 189.75 | 259.75 | NOTE | |
| r-devel-linux-x86_64-fedora-gcc | 3.0 | 64.00 | 183.76 | 247.76 | NOTE | |
| r-devel-windows-x86_64 | 3.0 | 28.00 | 118.00 | 146.00 | OK | |
| r-patched-linux-x86_64 | 3.0 | 26.94 | 126.41 | 153.35 | OK | |
| r-release-linux-x86_64 | 3.0 | 25.97 | 123.94 | 149.91 | OK | |
| r-release-macos-arm64 | 3.0 | 12.00 | 42.00 | 54.00 | OK | |
| r-release-macos-x86_64 | 3.0 | 31.00 | 81.00 | 112.00 | OK | |
| r-release-windows-x86_64 | 3.0 | 29.00 | 115.00 | 144.00 | OK | |
| r-oldrel-macos-arm64 | 3.0 | 12.00 | 43.00 | 55.00 | OK | |
| r-oldrel-macos-x86_64 | 3.0 | 18.00 | 62.00 | 80.00 | OK | |
| r-oldrel-windows-x86_64 | 3.0 | 42.00 | 162.00 | 204.00 | OK | 
Version: 3.0
Check: dependencies in R code
Result: NOTE
  Namespaces in Imports field not imported from:
    ‘datasets’ ‘grDevices’ ‘graphics’ ‘iterators’ ‘methods’
    All declared Imports should be used.
Flavors: r-devel-linux-x86_64-fedora-clang, r-devel-linux-x86_64-fedora-gcc